Last updated on 2023-01-28 07:15:01 CET.
Flavor | Version | Tinstall | Tcheck | Ttotal | Status | Flags |
---|---|---|---|---|---|---|
r-devel-linux-x86_64-debian-clang | 0.1.2 | 1076.19 | 51.11 | 1127.30 | OK | |
r-devel-linux-x86_64-debian-gcc | 0.1.2 | 809.11 | 39.93 | 849.04 | NOTE | |
r-devel-linux-x86_64-fedora-clang | 0.1.2 | 1878.26 | NOTE | |||
r-devel-linux-x86_64-fedora-gcc | 0.1.2 | 1541.32 | NOTE | |||
r-patched-linux-x86_64 | 0.1.2 | 832.08 | 49.78 | 881.86 | OK | |
r-release-linux-x86_64 | 0.1.2 | 848.49 | 50.68 | 899.17 | OK | |
r-release-macos-arm64 | 0.1.2 | 343.00 | NOTE | |||
r-release-macos-x86_64 | 0.1.2 | 424.00 | NOTE | |||
r-release-windows-x86_64 | 0.1.2 | 946.00 | 113.00 | 1059.00 | NOTE | |
r-oldrel-macos-arm64 | 0.1.2 | 333.00 | NOTE | |||
r-oldrel-macos-x86_64 | 0.1.2 | 422.00 | NOTE | |||
r-oldrel-windows-ix86+x86_64 | 0.1.2 | 2457.00 | 134.00 | 2591.00 | NOTE |
Version: 0.1.2
Check: C++ specification
Result: NOTE
Specified C++11: please update to current default of C++17
Flavors: r-devel-linux-x86_64-debian-gcc, r-devel-linux-x86_64-fedora-clang, r-devel-linux-x86_64-fedora-gcc
Version: 0.1.2
Check: installed package size
Result: NOTE
installed size is 5.1Mb
sub-directories of 1Mb or more:
data 1.9Mb
libs 2.0Mb
models 1.1Mb
Flavors: r-devel-linux-x86_64-fedora-clang, r-release-macos-arm64, r-release-macos-x86_64, r-release-windows-x86_64, r-oldrel-macos-arm64, r-oldrel-macos-x86_64, r-oldrel-windows-ix86+x86_64
Version: 0.1.2
Check: data for non-ASCII characters
Result: NOTE
Note: found 47936 marked UTF-8 strings
Flavors: r-devel-linux-x86_64-fedora-clang, r-devel-linux-x86_64-fedora-gcc, r-release-macos-arm64, r-release-macos-x86_64, r-oldrel-macos-arm64, r-oldrel-macos-x86_64