Last updated on 2021-01-17 06:46:57 CET.
Flavor | Version | Tinstall | Tcheck | Ttotal | Status | Flags |
---|---|---|---|---|---|---|
r-devel-linux-x86_64-debian-clang | 0.1.8 | 14.10 | 132.16 | 146.26 | OK | |
r-devel-linux-x86_64-debian-gcc | 0.1.8 | 12.78 | 100.78 | 113.56 | OK | |
r-devel-linux-x86_64-fedora-clang | 0.1.8 | 188.71 | NOTE | |||
r-devel-linux-x86_64-fedora-gcc | 0.1.8 | 172.04 | NOTE | |||
r-devel-windows-ix86+x86_64 | 0.1.8 | 22.00 | 129.00 | 151.00 | OK | |
r-patched-linux-x86_64 | 0.1.8 | 12.89 | 127.71 | 140.60 | OK | |
r-patched-solaris-x86 | 0.1.8 | 242.30 | NOTE | |||
r-release-linux-x86_64 | 0.1.8 | 15.12 | 126.32 | 141.44 | OK | |
r-release-macos-x86_64 | 0.1.8 | NOTE | ||||
r-release-windows-ix86+x86_64 | 0.1.8 | 24.00 | 127.00 | 151.00 | OK | |
r-oldrel-macos-x86_64 | 0.1.8 | NOTE | ||||
r-oldrel-windows-ix86+x86_64 | 0.1.8 | 25.00 | 166.00 | 191.00 | OK |
Version: 0.1.8
Check: dependencies in R code
Result: NOTE
Namespaces in Imports field not imported from:
‘knitr’ ‘lifecycle’ ‘lme4’ ‘methods’
All declared Imports should be used.
Flavors: r-devel-linux-x86_64-fedora-clang, r-devel-linux-x86_64-fedora-gcc, r-patched-solaris-x86, r-release-macos-x86_64, r-oldrel-macos-x86_64