CRAN Package Check Results for Package nanop

Last updated on 2021-01-16 06:51:16 CET.

Flavor Version Tinstall Tcheck Ttotal Status Flags
r-devel-linux-x86_64-debian-clang 2.0-6 9.04 61.93 70.97 OK
r-devel-linux-x86_64-debian-gcc 2.0-6 7.68 45.90 53.58 OK
r-devel-linux-x86_64-fedora-clang 2.0-6 96.08 NOTE
r-devel-linux-x86_64-fedora-gcc 2.0-6 86.52 NOTE
r-devel-windows-ix86+x86_64 2.0-6 16.00 93.00 109.00 OK
r-patched-linux-x86_64 2.0-6 8.94 59.19 68.13 OK
r-patched-solaris-x86 2.0-6 139.00 OK
r-release-linux-x86_64 2.0-6 8.70 59.47 68.17 OK
r-release-macos-x86_64 2.0-6 OK
r-release-windows-ix86+x86_64 2.0-6 17.00 89.00 106.00 OK
r-oldrel-macos-x86_64 2.0-6 OK
r-oldrel-windows-ix86+x86_64 2.0-6 17.00 94.00 111.00 OK

Check Details

Version: 2.0-6
Check: compiled code
Result: NOTE
    File ‘nanop/libs/nanop.so’:
     Found no calls to: ‘R_registerRoutines’, ‘R_useDynamicSymbols’
    
    It is good practice to register native routines and to disable symbol
    search.
    
    See ‘Writing portable packages’ in the ‘Writing R Extensions’ manual.
Flavors: r-devel-linux-x86_64-fedora-clang, r-devel-linux-x86_64-fedora-gcc