CRAN Package Check Results for Package nat

Last updated on 2021-01-23 06:48:21 CET.

Flavor Version Tinstall Tcheck Ttotal Status Flags
r-devel-linux-x86_64-debian-clang 1.8.16 17.42 155.86 173.28 OK
r-devel-linux-x86_64-debian-gcc 1.8.16 14.20 117.20 131.40 OK
r-devel-linux-x86_64-fedora-clang 1.8.16 211.36 OK
r-devel-linux-x86_64-fedora-gcc 1.8.16 207.68 OK
r-devel-windows-ix86+x86_64 1.8.16 32.00 150.00 182.00 OK
r-patched-linux-x86_64 1.8.16 15.97 147.27 163.24 OK
r-patched-solaris-x86 1.8.16 254.80 WARN
r-release-linux-x86_64 1.8.16 17.24 148.91 166.15 OK
r-release-macos-x86_64 1.8.16 OK
r-release-windows-ix86+x86_64 1.8.16 38.00 188.00 226.00 OK
r-oldrel-macos-x86_64 1.8.16 WARN
r-oldrel-windows-ix86+x86_64 1.8.16 19.00 139.00 158.00 OK

Check Details

Version: 1.8.16
Check: re-building of vignette outputs
Result: WARN
    Error(s) in re-building vignettes:
     ...
    --- re-building ‘Installation.Rmd’ using rmarkdown
    Warning in engine$weave(file, quiet = quiet, encoding = enc) :
     Pandoc (>= 1.12.3) and/or pandoc-citeproc not available. Falling back to R Markdown v1.
    --- finished re-building ‘Installation.Rmd’
    
    --- re-building ‘neurons-intro.Rmd’ using rmarkdown
    Warning in engine$weave(file, quiet = quiet, encoding = enc) :
     Pandoc (>= 1.12.3) and/or pandoc-citeproc not available. Falling back to R Markdown v1.
    Loading required package: rgl
    Registered S3 method overwritten by 'nat':
     method from
     as.mesh3d.ashape3d rgl
    Some nat functions depend on a CMTK installation. See ?cmtk and README.md for details.
    
    Attaching package: 'nat'
    
    The following objects are masked from 'package:base':
    
     intersect, setdiff, union
    
    Loading required namespace: rmarkdown
    PhantomJS not found. You can install it with webshot::install_phantomjs(). If it is installed, please make sure the phantomjs executable can be found via the PATH variable.
    Warning in normalizePath(f2) :
     path[1]="webshot154d165e79d8.png": No such file or directory
    Warning in file(con, "rb") :
     cannot open file 'webshot154d165e79d8.png': No such file or directory
    Quitting from lines 413-417 (neurons-intro.Rmd)
    Error: processing vignette 'neurons-intro.Rmd' failed with diagnostics:
    cannot open the connection
    --- failed re-building ‘neurons-intro.Rmd’
    
    SUMMARY: processing the following file failed:
     ‘neurons-intro.Rmd’
    
    Error: Vignette re-building failed.
    Execution halted
Flavor: r-patched-solaris-x86

Version: 1.8.16
Check: whether package can be installed
Result: WARN
    Found the following significant warnings:
     Warning: 'rgl.init' failed, running with 'rgl.useNULL = TRUE'.
Flavor: r-oldrel-macos-x86_64