Last updated on 2022-07-06 06:52:56 CEST.
Flavor | Version | Tinstall | Tcheck | Ttotal | Status | Flags |
---|---|---|---|---|---|---|
r-devel-linux-x86_64-debian-clang | 1.6.5 | 8.68 | 101.30 | 109.98 | OK | |
r-devel-linux-x86_64-debian-gcc | 1.6.5 | 8.34 | 77.21 | 85.55 | OK | |
r-devel-linux-x86_64-fedora-clang | 1.6.5 | 149.40 | NOTE | |||
r-devel-linux-x86_64-fedora-gcc | 1.6.5 | 151.39 | NOTE | |||
r-devel-windows-x86_64 | 1.6.5 | 34.00 | 135.00 | 169.00 | OK | |
r-patched-linux-x86_64 | 1.6.5 | 13.97 | 98.99 | 112.96 | OK | |
r-release-linux-x86_64 | 1.6.5 | 9.23 | 99.65 | 108.88 | OK | |
r-release-macos-arm64 | 1.6.5 | 41.00 | OK | |||
r-release-macos-x86_64 | 1.6.5 | 58.00 | OK | |||
r-release-windows-x86_64 | 1.6.5 | 52.00 | 136.00 | 188.00 | OK | |
r-oldrel-macos-arm64 | 1.6.5 | 56.00 | OK | |||
r-oldrel-macos-x86_64 | 1.6.5 | 73.00 | OK | |||
r-oldrel-windows-ix86+x86_64 | 1.6.5 | 22.00 | 121.00 | 143.00 | OK |
Version: 1.6.5
Check: for detritus in the temp directory
Result: NOTE
Found the following files/directories:
‘Crashpad’
Flavors: r-devel-linux-x86_64-fedora-clang, r-devel-linux-x86_64-fedora-gcc