CRAN Package Check Results for Package nat.nblast

Last updated on 2021-01-17 06:46:57 CET.

Flavor Version Tinstall Tcheck Ttotal Status Flags
r-devel-linux-x86_64-debian-clang 1.6.5 10.03 94.82 104.85 OK
r-devel-linux-x86_64-debian-gcc 1.6.5 6.76 75.34 82.10 OK
r-devel-linux-x86_64-fedora-clang 1.6.5 133.55 OK
r-devel-linux-x86_64-fedora-gcc 1.6.5 100.91 OK
r-devel-windows-ix86+x86_64 1.6.5 17.00 97.00 114.00 OK
r-patched-linux-x86_64 1.6.5 10.06 90.31 100.37 OK
r-patched-solaris-x86 1.6.5 181.80 OK
r-release-linux-x86_64 1.6.5 10.06 90.42 100.48 OK
r-release-macos-x86_64 1.6.5 OK
r-release-windows-ix86+x86_64 1.6.5 17.00 99.00 116.00 OK
r-oldrel-macos-x86_64 1.6.5 WARN
r-oldrel-windows-ix86+x86_64 1.6.5 17.00 87.00 104.00 OK

Check Details

Version: 1.6.5
Check: whether package can be installed
Result: WARN
    Found the following significant warnings:
     Warning: 'rgl_init' failed, running with rgl.useNULL = TRUE
Flavor: r-oldrel-macos-x86_64

Version: 1.6.5
Check: dependencies in R code
Result: NOTE
    No protocol specified
Flavor: r-oldrel-macos-x86_64

Version: 1.6.5
Check: S3 generic/method consistency
Result: WARN
    No protocol specified
    See section ‘Generic functions and methods’ in the ‘Writing R
    Extensions’ manual.
Flavor: r-oldrel-macos-x86_64

Version: 1.6.5
Check: replacement functions
Result: WARN
    No protocol specified
    The argument of a replacement function which corresponds to the right
    hand side must be named ‘value’.
Flavor: r-oldrel-macos-x86_64

Version: 1.6.5
Check: foreign function calls
Result: NOTE
    No protocol specified
    See chapter ‘System and foreign language interfaces’ in the ‘Writing R
    Extensions’ manual.
Flavor: r-oldrel-macos-x86_64

Version: 1.6.5
Check: R code for possible problems
Result: NOTE
    No protocol specified
Flavor: r-oldrel-macos-x86_64

Version: 1.6.5
Check: for missing documentation entries
Result: WARN
    No protocol specified
    All user-level objects in a package should have documentation entries.
    See chapter ‘Writing R documentation files’ in the ‘Writing R
    Extensions’ manual.
Flavor: r-oldrel-macos-x86_64

Version: 1.6.5
Check: for code/documentation mismatches
Result: WARN
    No protocol specified
    No protocol specified
    No protocol specified
Flavor: r-oldrel-macos-x86_64

Version: 1.6.5
Check: Rd \usage sections
Result: NOTE
    No protocol specified
    The \usage entries for S3 methods should use the \method markup and not
    their full name.
    See chapter ‘Writing R documentation files’ in the ‘Writing R
    Extensions’ manual.
Flavor: r-oldrel-macos-x86_64