CRAN Package Check Results for Package ncdump

Last updated on 2022-01-17 06:53:23 CET.

Flavor Version Tinstall Tcheck Ttotal Status Flags
r-devel-linux-x86_64-debian-clang 0.0.3 4.14 51.01 55.15 NOTE
r-devel-linux-x86_64-debian-gcc 0.0.3 2.74 38.54 41.28 NOTE
r-devel-linux-x86_64-fedora-clang 0.0.3 67.89 NOTE
r-devel-linux-x86_64-fedora-gcc 0.0.3 55.46 NOTE
r-devel-windows-x86_64-new-UL 0.0.3 19.00 67.00 86.00 NOTE
r-devel-windows-x86_64-new-TK 0.0.3 NOTE
r-patched-linux-x86_64 0.0.3 3.11 48.40 51.51 NOTE
r-release-linux-x86_64 0.0.3 NOTE
r-release-macos-arm64 0.0.3 NOTE
r-release-macos-x86_64 0.0.3 NOTE
r-release-windows-ix86+x86_64 0.0.3 10.00 60.00 70.00 NOTE
r-oldrel-macos-x86_64 0.0.3 OK
r-oldrel-windows-ix86+x86_64 0.0.3 10.00 60.00 70.00 OK

Check Details

Version: 0.0.3
Check: LazyData
Result: NOTE
     'LazyData' is specified without a 'data' directory
Flavors: r-devel-linux-x86_64-debian-clang, r-devel-linux-x86_64-debian-gcc, r-devel-linux-x86_64-fedora-clang, r-devel-linux-x86_64-fedora-gcc, r-devel-windows-x86_64-new-UL, r-devel-windows-x86_64-new-TK, r-patched-linux-x86_64, r-release-linux-x86_64, r-release-macos-arm64, r-release-macos-x86_64, r-release-windows-ix86+x86_64