CRAN Package Check Results for Package ncf

Last updated on 2022-08-17 06:51:22 CEST.

Flavor Version Tinstall Tcheck Ttotal Status Flags
r-devel-linux-x86_64-debian-clang 1.3-2 4.78 51.64 56.42 NOTE
r-devel-linux-x86_64-debian-gcc 1.3-2 NOTE
r-devel-linux-x86_64-fedora-clang 1.3-2 77.92 NOTE
r-devel-linux-x86_64-fedora-gcc 1.3-2 75.29 NOTE
r-devel-windows-x86_64 1.3-2 22.00 73.00 95.00 NOTE
r-patched-linux-x86_64 1.3-2 5.25 48.17 53.42 OK
r-release-linux-x86_64 1.3-2 3.83 48.18 52.01 OK
r-release-macos-arm64 1.3-2 23.00 OK
r-release-macos-x86_64 1.3-2 37.00 OK
r-release-windows-x86_64 1.3-2 24.00 70.00 94.00 OK
r-oldrel-macos-arm64 1.3-2 21.00 OK
r-oldrel-macos-x86_64 1.3-2 30.00 OK
r-oldrel-windows-ix86+x86_64 1.3-2 9.00 62.00 71.00 OK

Check Details

Version: 1.3-2
Check: package subdirectories
Result: NOTE
    Problems with news in 'NEWS.md':
    No news entries found.
Flavors: r-devel-linux-x86_64-debian-clang, r-devel-linux-x86_64-debian-gcc, r-devel-linux-x86_64-fedora-clang, r-devel-linux-x86_64-fedora-gcc, r-devel-windows-x86_64