CRAN Package Check Results for Package ncpen

Last updated on 2021-06-17 06:48:16 CEST.

Flavor Version Tinstall Tcheck Ttotal Status Flags
r-devel-linux-x86_64-debian-clang 1.0.0 73.24 43.60 116.84 NOTE
r-devel-linux-x86_64-debian-gcc 1.0.0 49.72 34.06 83.78 NOTE
r-devel-linux-x86_64-fedora-clang 1.0.0 162.22 NOTE
r-devel-linux-x86_64-fedora-gcc 1.0.0 148.33 NOTE
r-devel-windows-x86_64 1.0.0 80.00 72.00 152.00 NOTE
r-devel-windows-x86_64-gcc10-UCRT 1.0.0 NOTE
r-patched-linux-x86_64 1.0.0 62.92 42.68 105.60 NOTE
r-patched-solaris-x86 1.0.0 145.70 NOTE
r-release-linux-x86_64 1.0.0 61.45 42.18 103.63 NOTE
r-release-macos-arm64 1.0.0 NOTE
r-release-macos-x86_64 1.0.0 NOTE
r-release-windows-ix86+x86_64 1.0.0 158.00 81.00 239.00 NOTE
r-oldrel-macos-x86_64 1.0.0 NOTE
r-oldrel-windows-ix86+x86_64 1.0.0 117.00 103.00 220.00 OK

Check Details

Version: 1.0.0
Check: LazyData
Result: NOTE
     'LazyData' is specified without a 'data' directory
Flavors: r-devel-linux-x86_64-debian-clang, r-devel-linux-x86_64-debian-gcc, r-devel-linux-x86_64-fedora-clang, r-devel-linux-x86_64-fedora-gcc, r-devel-windows-x86_64, r-devel-windows-x86_64-gcc10-UCRT, r-patched-linux-x86_64, r-patched-solaris-x86, r-release-linux-x86_64, r-release-macos-arm64, r-release-macos-x86_64, r-release-windows-ix86+x86_64

Version: 1.0.0
Check: installed package size
Result: NOTE
     installed size is 6.3Mb
     sub-directories of 1Mb or more:
     libs 6.1Mb
Flavors: r-devel-linux-x86_64-fedora-clang, r-release-macos-arm64, r-release-macos-x86_64, r-oldrel-macos-x86_64