Last updated on 2022-07-05 06:51:55 CEST.
Flavor | Version | Tinstall | Tcheck | Ttotal | Status | Flags |
---|---|---|---|---|---|---|
r-devel-linux-x86_64-debian-clang | 1.11.0 | 9.86 | 107.22 | 117.08 | OK | |
r-devel-linux-x86_64-debian-gcc | 1.11.0 | 8.51 | 77.52 | 86.03 | OK | |
r-devel-linux-x86_64-fedora-clang | 1.11.0 | 155.37 | WARN | |||
r-devel-linux-x86_64-fedora-gcc | 1.11.0 | 152.14 | WARN | |||
r-devel-windows-x86_64 | 1.11.0 | 37.00 | 136.00 | 173.00 | OK | |
r-patched-linux-x86_64 | 1.11.0 | 16.48 | 99.29 | 115.77 | OK | |
r-release-linux-x86_64 | 1.11.0 | 9.52 | 99.52 | 109.04 | OK | |
r-release-macos-arm64 | 1.11.0 | 36.00 | OK | |||
r-release-macos-x86_64 | 1.11.0 | 62.00 | OK | |||
r-release-windows-x86_64 | 1.11.0 | 35.00 | 138.00 | 173.00 | OK | |
r-oldrel-macos-arm64 | 1.11.0 | 40.00 | OK | |||
r-oldrel-macos-x86_64 | 1.11.0 | 55.00 | OK | |||
r-oldrel-windows-ix86+x86_64 | 1.11.0 | 26.00 | 129.00 | 155.00 | OK |
Version: 1.11.0
Check: package dependencies
Result: WARN
Requires (indirectly) orphaned package: ‘gtools’
Flavors: r-devel-linux-x86_64-fedora-clang, r-devel-linux-x86_64-fedora-gcc