CRAN Package Check Results for Package nebula

Last updated on 2022-07-02 07:07:04 CEST.

Flavor Version Tinstall Tcheck Ttotal Status Flags
r-devel-linux-x86_64-debian-clang 1.2.0 76.99 87.27 164.26 OK
r-devel-linux-x86_64-debian-gcc 1.2.0 65.70 67.92 133.62 OK
r-devel-linux-x86_64-fedora-clang 1.2.0 232.41 NOTE
r-devel-linux-x86_64-fedora-gcc 1.2.0 219.83 NOTE
r-devel-windows-x86_64 1.2.0 48.00 133.00 181.00 OK
r-patched-linux-x86_64 1.2.0 65.97 85.40 151.37 OK
r-release-linux-x86_64 1.2.0 63.66 85.98 149.64 OK
r-release-macos-arm64 1.2.0 59.00 NOTE
r-release-macos-x86_64 1.2.0 103.00 NOTE
r-release-windows-x86_64 1.2.0 54.00 133.00 187.00 OK
r-oldrel-macos-arm64 1.2.0 57.00 NOTE
r-oldrel-macos-x86_64 1.2.0 84.00 NOTE
r-oldrel-windows-ix86+x86_64 1.2.0 145.00 146.00 291.00 OK

Check Details

Version: 1.2.0
Check: installed package size
Result: NOTE
     installed size is 22.7Mb
     sub-directories of 1Mb or more:
     libs 21.7Mb
Flavors: r-devel-linux-x86_64-fedora-clang, r-release-macos-arm64, r-release-macos-x86_64, r-oldrel-macos-arm64, r-oldrel-macos-x86_64

Version: 1.2.0
Check: dependencies in R code
Result: NOTE
    Namespaces in Imports field not imported from:
     ‘MASS’ ‘utils’
     All declared Imports should be used.
Flavors: r-devel-linux-x86_64-fedora-clang, r-devel-linux-x86_64-fedora-gcc, r-release-macos-arm64, r-release-macos-x86_64, r-oldrel-macos-arm64, r-oldrel-macos-x86_64