Last updated on 2023-06-02 06:53:51 CEST.
Flavor | Version | Tinstall | Tcheck | Ttotal | Status | Flags |
---|---|---|---|---|---|---|
r-devel-linux-x86_64-debian-clang | 1.2.2 | 81.38 | 88.46 | 169.84 | OK | |
r-devel-linux-x86_64-debian-gcc | 1.2.2 | 62.33 | 71.13 | 133.46 | OK | |
r-devel-linux-x86_64-fedora-clang | 1.2.2 | 210.00 | NOTE | |||
r-devel-linux-x86_64-fedora-gcc | 1.2.2 | 241.03 | NOTE | |||
r-devel-windows-x86_64 | 1.2.2 | 53.00 | 107.00 | 160.00 | OK | |
r-patched-linux-x86_64 | 1.2.2 | OK | ||||
r-release-linux-x86_64 | 1.2.2 | 61.55 | 88.10 | 149.65 | OK | |
r-release-macos-arm64 | 1.2.2 | 78.00 | NOTE | |||
r-release-macos-x86_64 | 1.2.2 | 117.00 | NOTE | |||
r-release-windows-x86_64 | 1.2.2 | 67.00 | 125.00 | 192.00 | OK | |
r-oldrel-macos-arm64 | 1.2.2 | 64.00 | NOTE | |||
r-oldrel-macos-x86_64 | 1.2.2 | 90.00 | NOTE | |||
r-oldrel-windows-x86_64 | 1.2.2 | 63.00 | 119.00 | 182.00 | OK |
Version: 1.2.2
Check: dependencies in R code
Result: NOTE
Namespaces in Imports field not imported from:
‘MASS’ ‘utils’
All declared Imports should be used.
Flavors: r-devel-linux-x86_64-fedora-clang, r-devel-linux-x86_64-fedora-gcc
Version: 1.2.2
Check: installed package size
Result: NOTE
installed size is 26.7Mb
sub-directories of 1Mb or more:
libs 25.8Mb
Flavors: r-release-macos-arm64, r-release-macos-x86_64, r-oldrel-macos-arm64, r-oldrel-macos-x86_64