CRAN Package Check Results for Package netSEM

Last updated on 2024-05-25 06:57:03 CEST.

Flavor Version Tinstall Tcheck Ttotal Status Flags
r-devel-linux-x86_64-debian-clang 0.6.2 12.37 103.56 115.93 NOTE
r-devel-linux-x86_64-debian-gcc 0.6.2 7.48 78.60 86.08 NOTE
r-devel-linux-x86_64-fedora-clang 0.6.2 144.96 NOTE
r-devel-linux-x86_64-fedora-gcc 0.6.2 152.29 NOTE
r-devel-windows-x86_64 0.6.2 10.00 102.00 112.00 NOTE
r-patched-linux-x86_64 0.6.2 7.37 99.12 106.49 NOTE
r-release-linux-x86_64 0.6.2 7.05 101.52 108.57 NOTE
r-release-macos-arm64 0.6.2 58.00 NOTE
r-release-windows-x86_64 0.6.2 12.00 102.00 114.00 NOTE
r-oldrel-macos-arm64 0.6.2 67.00 OK
r-oldrel-macos-x86_64 0.6.2 103.00 OK
r-oldrel-windows-x86_64 0.6.2 13.00 113.00 126.00 OK

Check Details

Version: 0.6.2
Check: Rd files
Result: NOTE checkRd: (-1) PVmodule.Rd:27: Lost braces; missing escapes or markup? 27 | In the resulting netSEM model, time was used as a proxy for damp heat exposure stress (S) variable and $P_{max}$ (maximum power generated by the modules) was used as the performance level response ($R$) variable, several mechanistic variables ($M$) were obtained through chemical evaluation methods, including FTIR and TGA on EVA encapsulant. | ^ checkRd: (-1) netSEMp1.Rd:55: Lost braces 55 | For example, in the quadratic functional form y ~ b0 + b1x + b2x^2, the three P-values correspond two those of \\hat{b0}, \\hat{b1} and \\hat{b2}, respectively. | ^ checkRd: (-1) netSEMp1.Rd:55: Lost braces 55 | For example, in the quadratic functional form y ~ b0 + b1x + b2x^2, the three P-values correspond two those of \\hat{b0}, \\hat{b1} and \\hat{b2}, respectively. | ^ checkRd: (-1) netSEMp1.Rd:55: Lost braces 55 | For example, in the quadratic functional form y ~ b0 + b1x + b2x^2, the three P-values correspond two those of \\hat{b0}, \\hat{b1} and \\hat{b2}, respectively. | ^ Flavors: r-devel-linux-x86_64-debian-clang, r-devel-linux-x86_64-debian-gcc, r-devel-linux-x86_64-fedora-clang, r-devel-linux-x86_64-fedora-gcc, r-devel-windows-x86_64, r-patched-linux-x86_64, r-release-linux-x86_64, r-release-macos-arm64, r-release-windows-x86_64