CRAN Package Check Results for Package networkD3

Last updated on 2025-01-22 07:50:31 CET.

Flavor Version Tinstall Tcheck Ttotal Status Flags
r-devel-linux-x86_64-debian-clang 0.4 3.06 28.47 31.53 NOTE
r-devel-linux-x86_64-debian-gcc 0.4 2.55 22.29 24.84 NOTE
r-devel-linux-x86_64-fedora-clang 0.4 51.63 OK
r-devel-linux-x86_64-fedora-gcc 0.4 48.28 OK
r-devel-windows-x86_64 0.4 5.00 53.00 58.00 NOTE
r-patched-linux-x86_64 0.4 6.80 27.47 34.27 OK
r-release-linux-x86_64 0.4 2.73 27.33 30.06 OK
r-release-macos-arm64 0.4 19.00 OK
r-release-macos-x86_64 0.4 29.00 OK
r-release-windows-x86_64 0.4 5.00 51.00 56.00 OK
r-oldrel-macos-arm64 0.4 22.00 OK
r-oldrel-macos-x86_64 0.4 26.00 OK
r-oldrel-windows-x86_64 0.4 6.00 55.00 61.00 OK

Check Details

Version: 0.4
Check: Rd cross-references
Result: NOTE Found the following Rd file(s) with Rd \link{} targets missing package anchors: JS.Rd: htmlwidgets igraph_to_networkD3.Rd: membership Please provide package anchors for all Rd \link{} targets not in the package itself and the base packages. Flavors: r-devel-linux-x86_64-debian-clang, r-devel-linux-x86_64-debian-gcc, r-devel-windows-x86_64