CRAN Package Check Results for Package networkGen

Last updated on 2020-10-26 05:46:46 CET.

Flavor Version Tinstall Tcheck Ttotal Status Flags
r-devel-linux-x86_64-debian-clang 0.1.1 3.62 30.88 34.50 NOTE
r-devel-linux-x86_64-debian-gcc 0.1.1 2.71 23.92 26.63 NOTE
r-devel-linux-x86_64-fedora-clang 0.1.1 50.19 NOTE
r-devel-linux-x86_64-fedora-gcc 0.1.1 40.01 NOTE
r-devel-windows-ix86+x86_64 0.1.1 6.00 51.00 57.00 OK
r-patched-linux-x86_64 0.1.1 3.17 29.29 32.46 NOTE
r-patched-solaris-x86 0.1.1 64.30 NOTE
r-release-linux-x86_64 0.1.1 3.28 28.92 32.20 NOTE
r-release-macos-x86_64 0.1.1 NOTE
r-release-windows-ix86+x86_64 0.1.1 6.00 37.00 43.00 OK
r-oldrel-macos-x86_64 0.1.1 NOTE
r-oldrel-windows-ix86+x86_64 0.1.1 5.00 37.00 42.00 OK

Check Details

Version: 0.1.1
Check: for non-standard things in the check directory
Result: NOTE
    Found the following files/directories:
     'map.png' 'maze.html'
Flavors: r-devel-linux-x86_64-debian-clang, r-devel-linux-x86_64-debian-gcc, r-devel-linux-x86_64-fedora-clang, r-devel-linux-x86_64-fedora-gcc, r-patched-linux-x86_64, r-patched-solaris-x86, r-release-linux-x86_64

Version: 0.1.1
Check: dependencies in R code
Result: NOTE
    Namespaces in Imports field not imported from:
     ‘mgcv’ ‘stats’
     All declared Imports should be used.
Flavors: r-devel-linux-x86_64-fedora-clang, r-devel-linux-x86_64-fedora-gcc, r-patched-solaris-x86, r-release-macos-x86_64, r-oldrel-macos-x86_64