CRAN Package Check Results for Package nhdR

Last updated on 2024-06-13 06:58:10 CEST.

Flavor Version Tinstall Tcheck Ttotal Status Flags
r-devel-linux-x86_64-debian-clang 0.6.1 12.31 110.61 122.92 OK
r-devel-linux-x86_64-debian-gcc 0.6.1 0.49 1.87 2.36 ERROR
r-devel-linux-x86_64-fedora-clang 0.6.1 149.85 OK
r-devel-linux-x86_64-fedora-gcc 0.6.1 155.70 OK
r-devel-windows-x86_64 0.6.1 11.00 120.00 131.00 OK
r-patched-linux-x86_64 0.6.1 11.30 106.66 117.96 OK
r-release-linux-x86_64 0.6.1 10.70 106.92 117.62 OK
r-release-macos-arm64 0.6.1 50.00 OK
r-release-macos-x86_64 0.6.1 108.00 OK
r-release-windows-x86_64 0.6.1 11.00 110.00 121.00 OK
r-oldrel-macos-arm64 0.6.1 51.00 OK
r-oldrel-macos-x86_64 0.6.1 72.00 OK
r-oldrel-windows-x86_64 0.6.1 13.00 124.00 137.00 OK

Check Details

Version: 0.6.1
Check: package dependencies
Result: ERROR Packages required but not available: 'rvest', 'ggplot2', 'dplyr', 'stringr', 'purrr' Packages suggested but not available for checking: 'wikilake', 'testthat' See section ‘The DESCRIPTION file’ in the ‘Writing R Extensions’ manual. Flavor: r-devel-linux-x86_64-debian-gcc