CRAN Package Check Results for Package nlaR

Last updated on 2022-01-27 06:48:41 CET.

Flavor Version Tinstall Tcheck Ttotal Status Flags
r-devel-linux-x86_64-debian-clang 0.4.0 2.32 31.43 33.75 NOTE
r-devel-linux-x86_64-debian-gcc 0.4.0 1.68 24.68 26.36 NOTE
r-devel-linux-x86_64-fedora-clang 0.4.0 42.61 NOTE
r-devel-linux-x86_64-fedora-gcc 0.4.0 31.32 NOTE
r-devel-windows-x86_64-new-UL 0.4.0 20.00 53.00 73.00 NOTE
r-devel-windows-x86_64-new-TK 0.4.0 NOTE
r-patched-linux-x86_64 0.4.0 2.09 30.95 33.04 NOTE
r-release-linux-x86_64 0.4.0 1.80 31.11 32.91 NOTE
r-release-macos-arm64 0.4.0 NOTE
r-release-macos-x86_64 0.4.0 NOTE
r-release-windows-ix86+x86_64 0.4.0 6.00 41.00 47.00 NOTE
r-oldrel-macos-x86_64 0.4.0 OK
r-oldrel-windows-ix86+x86_64 0.4.0 6.00 41.00 47.00 OK

Check Details

Version: 0.4.0
Check: LazyData
Result: NOTE
     'LazyData' is specified without a 'data' directory
Flavors: r-devel-linux-x86_64-debian-clang, r-devel-linux-x86_64-debian-gcc, r-devel-linux-x86_64-fedora-clang, r-devel-linux-x86_64-fedora-gcc, r-devel-windows-x86_64-new-UL, r-devel-windows-x86_64-new-TK, r-patched-linux-x86_64, r-release-linux-x86_64, r-release-macos-arm64, r-release-macos-x86_64, r-release-windows-ix86+x86_64