Last updated on 2021-01-18 06:46:43 CET.
Flavor | Version | Tinstall | Tcheck | Ttotal | Status | Flags |
---|---|---|---|---|---|---|
r-devel-linux-x86_64-debian-clang | 0.9.6 | 14.77 | 123.93 | 138.70 | OK | |
r-devel-linux-x86_64-debian-gcc | 0.9.6 | 11.84 | 94.59 | 106.43 | OK | |
r-devel-linux-x86_64-fedora-clang | 0.9.6 | 173.37 | NOTE | |||
r-devel-linux-x86_64-fedora-gcc | 0.9.6 | 165.23 | NOTE | |||
r-devel-windows-ix86+x86_64 | 0.9.6 | 24.00 | 127.00 | 151.00 | OK | |
r-patched-linux-x86_64 | 0.9.6 | 10.18 | 113.79 | 123.97 | OK | |
r-patched-solaris-x86 | 0.9.6 | 236.50 | NOTE | |||
r-release-linux-x86_64 | 0.9.6 | 11.49 | 114.33 | 125.82 | OK | |
r-release-macos-x86_64 | 0.9.6 | NOTE | ||||
r-release-windows-ix86+x86_64 | 0.9.6 | 28.00 | 121.00 | 149.00 | OK | |
r-oldrel-macos-x86_64 | 0.9.6 | NOTE | ||||
r-oldrel-windows-ix86+x86_64 | 0.9.6 | 29.00 | 97.00 | 126.00 | OK |
Version: 0.9.6
Check: dependencies in R code
Result: NOTE
Namespace in Imports field not imported from: ‘uroot’
All declared Imports should be used.
Flavors: r-devel-linux-x86_64-fedora-clang, r-devel-linux-x86_64-fedora-gcc, r-patched-solaris-x86, r-release-macos-x86_64, r-oldrel-macos-x86_64