Last updated on 2022-06-29 06:53:32 CEST.
Flavor | Version | Tinstall | Tcheck | Ttotal | Status | Flags |
---|---|---|---|---|---|---|
r-devel-linux-x86_64-debian-clang | 0.1.0 | 16.78 | 141.72 | 158.50 | NOTE | |
r-devel-linux-x86_64-debian-gcc | 0.1.0 | 13.39 | 101.57 | 114.96 | NOTE | |
r-devel-linux-x86_64-fedora-clang | 0.1.0 | 194.87 | NOTE | |||
r-devel-linux-x86_64-fedora-gcc | 0.1.0 | 195.73 | NOTE | |||
r-devel-windows-x86_64 | 0.1.0 | 64.00 | 168.00 | 232.00 | NOTE | |
r-patched-linux-x86_64 | 0.1.0 | 17.89 | 133.68 | 151.57 | OK | |
r-release-linux-x86_64 | 0.1.0 | 12.50 | 134.00 | 146.50 | OK | |
r-release-macos-arm64 | 0.1.0 | 49.00 | NOTE | |||
r-release-macos-x86_64 | 0.1.0 | 64.00 | NOTE | |||
r-release-windows-x86_64 | 0.1.0 | 70.00 | 164.00 | 234.00 | OK | |
r-oldrel-macos-arm64 | 0.1.0 | 57.00 | NOTE | |||
r-oldrel-macos-x86_64 | 0.1.0 | 98.00 | NOTE | |||
r-oldrel-windows-ix86+x86_64 | 0.1.0 | 25.00 | 166.00 | 191.00 | OK |
Version: 0.1.0
Check: Rd files
Result: NOTE
checkRd: (-1) euc.dist.Rd:50: Escaped LaTeX specials: \&
checkRd: (-1) funsC_MI_II.Rd:61: Escaped LaTeX specials: \#
checkRd: (-1) funsN_I_II.Rd:54: Escaped LaTeX specials: \#
Flavors: r-devel-linux-x86_64-debian-clang, r-devel-linux-x86_64-debian-gcc, r-devel-linux-x86_64-fedora-clang, r-devel-linux-x86_64-fedora-gcc, r-devel-windows-x86_64
Version: 0.1.0
Check: dependencies in R code
Result: NOTE
Namespace in Imports field not imported from: ‘Rdpack’
All declared Imports should be used.
Flavors: r-devel-linux-x86_64-fedora-clang, r-devel-linux-x86_64-fedora-gcc, r-release-macos-arm64, r-release-macos-x86_64, r-oldrel-macos-arm64, r-oldrel-macos-x86_64
Version: 0.1.0
Check: Rd cross-references
Result: NOTE
Undeclared package ‘pcds’ in Rd xrefs
Flavor: r-devel-linux-x86_64-fedora-clang