CRAN Package Check Results for Package noah

Last updated on 2024-06-14 06:53:42 CEST.

Flavor Version Tinstall Tcheck Ttotal Status Flags
r-devel-linux-x86_64-debian-clang 0.1.0 3.44 52.91 56.35 NOTE
r-devel-linux-x86_64-debian-gcc 0.1.0 3.32 39.55 42.87 NOTE
r-devel-linux-x86_64-fedora-clang 0.1.0 71.31 NOTE
r-devel-linux-x86_64-fedora-gcc 0.1.0 67.01 NOTE
r-devel-windows-x86_64 0.1.0 4.00 68.00 72.00 NOTE
r-patched-linux-x86_64 0.1.0 4.57 51.94 56.51 NOTE
r-release-linux-x86_64 0.1.0 3.92 51.56 55.48 NOTE
r-release-macos-arm64 0.1.0 28.00 NOTE
r-release-macos-x86_64 0.1.0 37.00 NOTE
r-release-windows-x86_64 0.1.0 5.00 68.00 73.00 NOTE
r-oldrel-macos-arm64 0.1.0 29.00 NOTE
r-oldrel-macos-x86_64 0.1.0 38.00 NOTE
r-oldrel-windows-x86_64 0.1.0 6.00 72.00 78.00 NOTE

Check Details

Version: 0.1.0
Check: LazyData
Result: NOTE 'LazyData' is specified without a 'data' directory Flavors: r-devel-linux-x86_64-debian-clang, r-devel-linux-x86_64-debian-gcc, r-devel-linux-x86_64-fedora-clang, r-devel-linux-x86_64-fedora-gcc, r-devel-windows-x86_64, r-patched-linux-x86_64, r-release-linux-x86_64, r-release-macos-arm64, r-release-macos-x86_64, r-release-windows-x86_64, r-oldrel-macos-arm64, r-oldrel-macos-x86_64, r-oldrel-windows-x86_64

Version: 0.1.0
Check: dependencies in R code
Result: NOTE Namespaces in Imports field not imported from: ‘R6’ ‘crayon’ ‘digest’ ‘hash’ All declared Imports should be used. Flavors: r-devel-linux-x86_64-fedora-clang, r-devel-linux-x86_64-fedora-gcc