CRAN Package Check Results for Package nodbi

Last updated on 2020-10-20 06:46:52 CEST.

Flavor Version Tinstall Tcheck Ttotal Status Flags
r-devel-linux-x86_64-debian-clang 0.4.0 3.49 34.10 37.59 OK
r-devel-linux-x86_64-debian-gcc 0.4.0 2.80 25.76 28.56 OK
r-devel-linux-x86_64-fedora-clang 0.4.0 53.63 OK
r-devel-linux-x86_64-fedora-gcc 0.4.0 43.27 OK
r-devel-windows-ix86+x86_64 0.4.0 5.00 40.00 45.00 OK
r-patched-linux-x86_64 0.4.0 3.39 31.46 34.85 OK
r-patched-solaris-x86 0.4.0 67.70 NOTE
r-release-linux-x86_64 0.4.0 3.77 31.41 35.18 OK
r-release-macos-x86_64 0.4.0 OK
r-release-windows-ix86+x86_64 0.4.0 7.00 39.00 46.00 OK
r-oldrel-macos-x86_64 0.4.0 OK
r-oldrel-windows-ix86+x86_64 0.4.0 5.00 48.00 53.00 OK

Check Details

Version: 0.4.0
Check: package dependencies
Result: NOTE
    Package suggested but not available for checking: ‘redux’
Flavor: r-patched-solaris-x86