CRAN Package Check Results for Package nodbi

Last updated on 2021-01-27 06:48:29 CET.

Flavor Version Tinstall Tcheck Ttotal Status Flags
r-devel-linux-x86_64-debian-clang 0.4.2 3.19 33.94 37.13 OK
r-devel-linux-x86_64-debian-gcc 0.4.2 2.90 26.09 28.99 OK
r-devel-linux-x86_64-fedora-clang 0.4.2 56.97 OK
r-devel-linux-x86_64-fedora-gcc 0.4.2 45.27 OK
r-devel-windows-ix86+x86_64 0.4.2 7.00 56.00 63.00 OK
r-patched-linux-x86_64 0.4.2 3.76 32.26 36.02 OK
r-patched-solaris-x86 0.4.2 71.40 NOTE
r-release-linux-x86_64 0.4.2 3.72 32.30 36.02 OK
r-release-macos-x86_64 0.4.2 OK
r-release-windows-ix86+x86_64 0.4.2 7.00 38.00 45.00 OK
r-oldrel-macos-x86_64 0.4.2 OK
r-oldrel-windows-ix86+x86_64 0.4.2 5.00 42.00 47.00 OK

Check Details

Version: 0.4.2
Check: package dependencies
Result: NOTE
    Package suggested but not available for checking: ‘redux’
Flavor: r-patched-solaris-x86