CRAN Package Check Results for Package nortest

Last updated on 2020-10-01 06:47:13 CEST.

Flavor Version Tinstall Tcheck Ttotal Status Flags
r-devel-linux-x86_64-debian-clang 1.0-4 2.07 20.07 22.14 OK
r-devel-linux-x86_64-debian-gcc 1.0-4 0.28 1.83 2.11 ERROR
r-devel-linux-x86_64-fedora-clang 1.0-4 35.57 OK
r-devel-linux-x86_64-fedora-gcc 1.0-4 26.24 OK
r-devel-windows-ix86+x86_64 1.0-4 15.00 32.00 47.00 OK
r-patched-linux-x86_64 1.0-4 2.12 19.35 21.47 OK
r-patched-solaris-x86 1.0-4 41.10 OK
r-release-linux-x86_64 1.0-4 1.95 19.13 21.08 OK
r-release-macos-x86_64 1.0-4 OK
r-release-windows-ix86+x86_64 1.0-4 6.00 38.00 44.00 OK
r-oldrel-macos-x86_64 1.0-4 OK
r-oldrel-windows-ix86+x86_64 1.0-4 5.00 42.00 47.00 OK

Check Details

Version: 1.0-4
Check: whether package can be installed
Result: ERROR
    Installation failed.
Flavor: r-devel-linux-x86_64-debian-gcc