CRAN Package Check Results for Package np

Last updated on 2020-09-30 06:51:19 CEST.

Flavor Version Tinstall Tcheck Ttotal Status Flags
r-devel-linux-x86_64-debian-clang 0.60-10 60.78 467.74 528.52 OK
r-devel-linux-x86_64-debian-gcc 0.60-10 54.19 337.11 391.30 OK
r-devel-linux-x86_64-fedora-clang 0.60-10 643.26 NOTE
r-devel-linux-x86_64-fedora-gcc 0.60-10 664.66 OK
r-devel-windows-ix86+x86_64 0.60-10 127.00 145.00 272.00 OK --no-examples --no-tests --no-vignettes
r-patched-linux-x86_64 0.60-10 61.34 444.28 505.62 OK
r-patched-solaris-x86 0.60-10 944.80 OK
r-release-linux-x86_64 0.60-10 57.46 443.02 500.48 OK
r-release-macos-x86_64 0.60-10 OK
r-release-windows-ix86+x86_64 0.60-10 129.00 188.00 317.00 OK --no-examples --no-tests --no-vignettes
r-oldrel-macos-x86_64 0.60-10 OK
r-oldrel-windows-ix86+x86_64 0.60-10 119.00 186.00 305.00 OK --no-examples --no-tests --no-vignettes

Additional issues

clang-UBSAN gcc11

Check Details

Version: 0.60-10
Check: Rd cross-references
Result: NOTE
    Undeclared packages ‘logspline’, ‘ks’ in Rd xrefs
Flavor: r-devel-linux-x86_64-fedora-clang