CRAN Package Check Results for Package np

Last updated on 2021-01-18 06:46:43 CET.

Flavor Version Tinstall Tcheck Ttotal Status Flags
r-devel-linux-x86_64-debian-clang 0.60-10 68.58 463.64 532.22 OK
r-devel-linux-x86_64-debian-gcc 0.60-10 49.25 340.50 389.75 OK
r-devel-linux-x86_64-fedora-clang 0.60-10 633.08 NOTE
r-devel-linux-x86_64-fedora-gcc 0.60-10 591.95 OK
r-devel-windows-ix86+x86_64 0.60-10 93.00 170.00 263.00 OK --no-examples --no-tests --no-vignettes
r-patched-linux-x86_64 0.60-10 54.47 436.27 490.74 OK
r-patched-solaris-x86 0.60-10 967.10 OK
r-release-linux-x86_64 0.60-10 59.62 440.62 500.24 WARN
r-release-macos-x86_64 0.60-10 OK
r-release-windows-ix86+x86_64 0.60-10 103.00 176.00 279.00 OK --no-examples --no-tests --no-vignettes
r-oldrel-macos-x86_64 0.60-10 OK
r-oldrel-windows-ix86+x86_64 0.60-10 118.00 176.00 294.00 OK --no-examples --no-tests --no-vignettes

Additional issues

clang-UBSAN gcc11

Check Details

Version: 0.60-10
Check: Rd cross-references
Result: NOTE
    Undeclared packages ‘logspline’, ‘ks’ in Rd xrefs
Flavor: r-devel-linux-x86_64-fedora-clang

Version: 0.60-10
Check: re-building of vignette outputs
Result: WARN
    Error(s) in re-building vignettes:
     ...
    --- re-building ‘entropy_np.Rnw’ using Sweave
    Nonparametric Kernel Methods for Mixed Datatypes (version 0.60-10)
    [vignette("np_faq",package="np") provides answers to frequently asked questions]
    [vignette("np",package="np") an overview]
    [vignette("entropy_np",package="np") an overview of entropy-based methods]
    Error: processing vignette 'entropy_np.Rnw' failed with diagnostics:
    Running ‘texi2dvi’ on ‘entropy_np.tex’ failed.
    LaTeX errors:
    ! Undefined control sequence.
    <recently read> \Hy@colorlink
    
    l.57 \begin{document}
    
    ! Undefined control sequence.
    \close@pdflink ->\Hy@endcolorlink
     \Hy@VerboseLinkStop \pdfendlink
    l.57 \begin{document}
    
    ! Undefined control sequence.
    <recently read> \Hy@colorlink
    
    l.57 \begin{document}
    
    ! Undefined control sequence.
    \close@pdflink ->\Hy@endcolorlink
     \Hy@VerboseLinkStop \pdfendlink
    l.57 \begin{document}
    
    ! Undefined control sequence.
    <recently read> \Hy@colorlink
    
    l.57 \begin{document}
    
    ! Undefined control sequence.
    \close@pdflink ->\Hy@endcolorlink
     \Hy@VerboseLinkStop \pdfendlink
    l.57 \begin{document}
    
    ! Undefined control sequence.
    <recently read> \Hy@colorlink
    
    l.57 \begin{document}
    
    ! Undefined control sequence.
    \close@pdflink ->\Hy@endcolorlink
     \Hy@VerboseLinkStop \pdfendlink
    l.57 \begin{document}
    
    --- failed re-building ‘entropy_np.Rnw’
    
    --- re-building ‘np.Rnw’ using Sweave
    Nonparametric Kernel Methods for Mixed Datatypes (version 0.60-10)
    [vignette("np_faq",package="np") provides answers to frequently asked questions]
    [vignette("np",package="np") an overview]
    [vignette("entropy_np",package="np") an overview of entropy-based methods]
    Warning in Ops.factor(dfemale + dmarried + educ + exper + tenure, female) :
     ‘|’ not meaningful for factors
    Error: processing vignette 'np.Rnw' failed with diagnostics:
    Running ‘texi2dvi’ on ‘np.tex’ failed.
    LaTeX errors:
    ! Undefined control sequence.
    <recently read> \Hy@colorlink
    
    l.77 \begin{document}
    
    ! Undefined control sequence.
    \close@pdflink ->\Hy@endcolorlink
     \Hy@VerboseLinkStop \pdfendlink
    l.77 \begin{document}
    
    ! Undefined control sequence.
    <recently read> \Hy@colorlink
    
    l.77 \begin{document}
    
    ! Undefined control sequence.
    \close@pdflink ->\Hy@endcolorlink
     \Hy@VerboseLinkStop \pdfendlink
    l.77 \begin{document}
    
    --- failed re-building ‘np.Rnw’
    
    --- re-building ‘np_faq.Rnw’ using Sweave
    --- finished re-building ‘np_faq.Rnw’
    
    SUMMARY: processing the following files failed:
     ‘entropy_np.Rnw’ ‘np.Rnw’
    
    Error: Vignette re-building failed.
    Execution halted
Flavor: r-release-linux-x86_64