CRAN Package Check Results for Package nsRFA

Last updated on 2022-08-13 07:11:40 CEST.

Flavor Version Tinstall Tcheck Ttotal Status Flags
r-devel-linux-x86_64-debian-clang 0.7-15 29.93 179.98 209.91 NOTE
r-devel-linux-x86_64-debian-gcc 0.7-15 22.42 134.60 157.02 NOTE
r-devel-linux-x86_64-fedora-clang 0.7-15 252.59 NOTE
r-devel-linux-x86_64-fedora-gcc 0.7-15 254.25 NOTE
r-devel-windows-x86_64 0.7-15 84.00 246.00 330.00 NOTE
r-patched-linux-x86_64 0.7-15 23.56 169.21 192.77 OK
r-release-linux-x86_64 0.7-15 21.00 170.25 191.25 OK
r-release-macos-arm64 0.7-15 92.00 OK
r-release-macos-x86_64 0.7-15 127.00 OK
r-release-windows-x86_64 0.7-15 64.00 235.00 299.00 OK
r-oldrel-macos-arm64 0.7-15 112.00 OK
r-oldrel-macos-x86_64 0.7-15 272.00 OK
r-oldrel-windows-ix86+x86_64 0.7-15 72.00 176.00 248.00 OK

Check Details

Version: 0.7-15
Check: Rd files
Result: NOTE
    checkRd: (-1) Ardechedata.Rd:18: Escaped LaTeX specials: \_
    checkRd: (-1) nsRFA-package.Rd:231: Escaped LaTeX specials: \&
Flavors: r-devel-linux-x86_64-debian-clang, r-devel-linux-x86_64-debian-gcc, r-devel-linux-x86_64-fedora-clang, r-devel-linux-x86_64-fedora-gcc, r-devel-windows-x86_64