CRAN Package Check Results for Package nsRFA

Last updated on 2022-11-26 05:51:55 CET.

Flavor Version Tinstall Tcheck Ttotal Status Flags
r-devel-linux-x86_64-debian-clang 0.7-15 28.72 182.29 211.01 NOTE
r-devel-linux-x86_64-debian-gcc 0.7-15 23.32 137.59 160.91 NOTE
r-devel-linux-x86_64-fedora-clang 0.7-15 265.23 NOTE
r-devel-linux-x86_64-fedora-gcc 0.7-15 259.89 NOTE
r-devel-windows-x86_64 0.7-15 74.00 254.00 328.00 NOTE
r-patched-linux-x86_64 0.7-15 OK
r-release-linux-x86_64 0.7-15 25.55 170.09 195.64 OK
r-release-macos-arm64 0.7-15 92.00 OK
r-release-macos-x86_64 0.7-15 127.00 OK
r-release-windows-x86_64 0.7-15 64.00 235.00 299.00 OK
r-oldrel-macos-arm64 0.7-15 112.00 OK
r-oldrel-macos-x86_64 0.7-15 272.00 OK
r-oldrel-windows-ix86+x86_64 0.7-15 72.00 176.00 248.00 OK

Check Details

Version: 0.7-15
Check: Rd files
Result: NOTE
    checkRd: (-1) Ardechedata.Rd:18: Escaped LaTeX specials: \_
    checkRd: (-1) nsRFA-package.Rd:231: Escaped LaTeX specials: \&
Flavors: r-devel-linux-x86_64-debian-clang, r-devel-linux-x86_64-debian-gcc, r-devel-linux-x86_64-fedora-clang, r-devel-linux-x86_64-fedora-gcc, r-devel-windows-x86_64