Last updated on 2021-01-28 06:50:00 CET.
Flavor | Version | Tinstall | Tcheck | Ttotal | Status | Flags |
---|---|---|---|---|---|---|
r-devel-linux-x86_64-debian-clang | 1.0.1 | 12.19 | 35.76 | 47.95 | OK | |
r-devel-linux-x86_64-debian-gcc | 1.0.1 | 11.02 | 28.47 | 39.49 | OK | |
r-devel-linux-x86_64-fedora-clang | 1.0.1 | 67.14 | NOTE | |||
r-devel-linux-x86_64-fedora-gcc | 1.0.1 | 58.83 | OK | |||
r-devel-windows-ix86+x86_64 | 1.0.1 | 20.00 | 43.00 | 63.00 | NOTE | |
r-patched-linux-x86_64 | 1.0.1 | 11.43 | 34.30 | 45.73 | OK | |
r-patched-solaris-x86 | 1.0.1 | 88.70 | NOTE | |||
r-release-linux-x86_64 | 1.0.1 | 12.02 | 34.74 | 46.76 | OK | |
r-release-macos-x86_64 | 1.0.1 | NOTE | ||||
r-release-windows-ix86+x86_64 | 1.0.1 | 21.00 | 39.00 | 60.00 | NOTE | |
r-oldrel-macos-x86_64 | 1.0.1 | NOTE | ||||
r-oldrel-windows-ix86+x86_64 | 1.0.1 | 17.00 | 52.00 | 69.00 | NOTE |
Version: 1.0.1
Check: installed package size
Result: NOTE
installed size is 7.0Mb
sub-directories of 1Mb or more:
data 6.9Mb
Flavors: r-devel-linux-x86_64-fedora-clang, r-devel-windows-ix86+x86_64, r-patched-solaris-x86, r-release-macos-x86_64, r-release-windows-ix86+x86_64, r-oldrel-macos-x86_64, r-oldrel-windows-ix86+x86_64