CRAN Package Check Results for Package occupationMeasurement

Last updated on 2024-02-21 06:53:16 CET.

Flavor Version Tinstall Tcheck Ttotal Status Flags
r-devel-linux-x86_64-debian-clang 0.3.2 OK
r-devel-linux-x86_64-debian-gcc 0.3.2 8.66 68.54 77.20 OK
r-devel-linux-x86_64-fedora-clang 0.3.2 129.25 NOTE
r-devel-linux-x86_64-fedora-gcc 0.3.2 139.60 NOTE
r-devel-windows-x86_64 0.3.2 13.00 104.00 117.00 OK
r-patched-linux-x86_64 0.3.2 10.95 86.66 97.61 OK
r-release-linux-x86_64 0.3.2 9.81 86.81 96.62 OK
r-release-macos-arm64 0.3.2 71.00 OK
r-release-macos-x86_64 0.3.2 156.00 OK
r-release-windows-x86_64 0.3.2 17.00 121.00 138.00 OK
r-oldrel-macos-arm64 0.3.2 67.00 OK
r-oldrel-windows-x86_64 0.3.2 18.00 126.00 144.00 OK

Check Details

Version: 0.3.2
Check: data for non-ASCII characters
Result: NOTE Note: found 6986 marked UTF-8 strings Flavors: r-devel-linux-x86_64-fedora-clang, r-devel-linux-x86_64-fedora-gcc