CRAN Package Check Results for Package oceanis

Last updated on 2022-01-26 06:50:22 CET.

Flavor Version Tinstall Tcheck Ttotal Status Flags
r-devel-linux-x86_64-debian-clang 1.8.4 68.40 498.71 567.11 OK
r-devel-linux-x86_64-debian-gcc 1.8.4 56.33 368.51 424.84 OK
r-devel-linux-x86_64-fedora-clang 1.8.4 668.49 NOTE
r-devel-linux-x86_64-fedora-gcc 1.8.4 687.70 OK
r-devel-windows-x86_64-new-UL 1.8.4 163.00 428.00 591.00 NOTE
r-devel-windows-x86_64-new-TK 1.8.4 OK
r-patched-linux-x86_64 1.8.4 63.28 457.05 520.33 OK
r-release-linux-x86_64 1.8.4 64.52 453.78 518.30 OK
r-release-macos-arm64 1.8.4 NOTE
r-release-macos-x86_64 1.8.4 NOTE
r-release-windows-ix86+x86_64 1.8.4 126.00 495.00 621.00 NOTE
r-oldrel-macos-x86_64 1.8.4 NOTE
r-oldrel-windows-ix86+x86_64 1.8.4 129.00 495.00 624.00 NOTE

Check Details

Version: 1.8.4
Check: installed package size
Result: NOTE
     installed size is 5.3Mb
     sub-directories of 1Mb or more:
     R 1.5Mb
     doc 1.2Mb
     extdata 1.9Mb
Flavors: r-devel-linux-x86_64-fedora-clang, r-devel-windows-x86_64-new-UL, r-release-macos-arm64, r-release-macos-x86_64, r-release-windows-ix86+x86_64, r-oldrel-macos-x86_64, r-oldrel-windows-ix86+x86_64