CRAN Package Check Results for Package officer

Last updated on 2021-05-17 06:48:01 CEST.

Flavor Version Tinstall Tcheck Ttotal Status Flags
r-devel-linux-x86_64-debian-clang 0.3.18 18.45 98.50 116.95 OK
r-devel-linux-x86_64-debian-gcc 0.3.18 15.15 74.13 89.28 OK
r-devel-linux-x86_64-fedora-clang 0.3.18 149.56 OK
r-devel-linux-x86_64-fedora-gcc 0.3.18 140.06 OK
r-devel-windows-ix86+x86_64 0.3.18 33.00 100.00 133.00 OK
r-devel-windows-x86_64-gcc10-UCRT 0.3.18 OK
r-patched-linux-x86_64 0.3.18 20.77 94.74 115.51 OK
r-patched-solaris-x86 0.3.18 181.60 NOTE
r-release-linux-x86_64 0.3.18 16.91 92.83 109.74 OK
r-release-macos-x86_64 0.3.18 OK
r-release-windows-ix86+x86_64 0.3.18 25.00 103.00 128.00 OK
r-oldrel-macos-x86_64 0.3.18 OK
r-oldrel-windows-ix86+x86_64 0.3.18 23.00 149.00 172.00 OK

Check Details

Version: 0.3.18
Check: package dependencies
Result: NOTE
    Package suggested but not available for checking: ‘rsvg’
Flavor: r-patched-solaris-x86