CRAN Package Check Results for Package omnibus

Last updated on 2022-08-13 07:11:40 CEST.

Flavor Version Tinstall Tcheck Ttotal Status Flags
r-devel-linux-x86_64-debian-clang 1.1.2 4.29 34.56 38.85 NOTE
r-devel-linux-x86_64-debian-gcc 1.1.2 3.81 26.42 30.23 NOTE
r-devel-linux-x86_64-fedora-clang 1.1.2 57.27 NOTE
r-devel-linux-x86_64-fedora-gcc 1.1.2 55.64 NOTE
r-devel-windows-x86_64 1.1.2 27.00 56.00 83.00 NOTE
r-patched-linux-x86_64 1.1.2 4.43 32.26 36.69 OK
r-release-linux-x86_64 1.1.2 4.62 33.15 37.77 OK
r-release-macos-arm64 1.1.2 17.00 OK
r-release-macos-x86_64 1.1.2 26.00 OK
r-release-windows-x86_64 1.1.2 13.00 56.00 69.00 OK
r-oldrel-macos-arm64 1.1.2 17.00 OK
r-oldrel-macos-x86_64 1.1.2 29.00 OK
r-oldrel-windows-ix86+x86_64 1.1.2 10.00 46.00 56.00 OK

Check Details

Version: 1.1.2
Check: package subdirectories
Result: NOTE
    Problems with news in 'NEWS.md':
    No news entries found.
Flavors: r-devel-linux-x86_64-debian-clang, r-devel-linux-x86_64-debian-gcc, r-devel-linux-x86_64-fedora-clang, r-devel-linux-x86_64-fedora-gcc, r-devel-windows-x86_64