Last updated on 2023-03-22 05:52:33 CET.
Flavor | Version | Tinstall | Tcheck | Ttotal | Status | Flags |
---|---|---|---|---|---|---|
r-devel-linux-x86_64-debian-clang | 0.1.0 | 2.30 | 26.98 | 29.28 | OK | |
r-devel-linux-x86_64-debian-gcc | 0.1.0 | 1.73 | 21.47 | 23.20 | OK | |
r-devel-linux-x86_64-fedora-clang | 0.1.0 | 38.64 | NOTE | |||
r-devel-linux-x86_64-fedora-gcc | 0.1.0 | 36.81 | OK | |||
r-patched-linux-x86_64 | 0.1.0 | 2.56 | 28.21 | 30.77 | OK | |
r-release-linux-x86_64 | 0.1.0 | 1.60 | 28.14 | 29.74 | OK | |
r-release-macos-arm64 | 0.1.0 | 21.00 | OK | |||
r-release-macos-x86_64 | 0.1.0 | 26.00 | OK | |||
r-release-windows-x86_64 | 0.1.0 | 14.00 | 60.00 | 74.00 | OK | |
r-oldrel-macos-arm64 | 0.1.0 | 23.00 | OK | |||
r-oldrel-macos-x86_64 | 0.1.0 | 31.00 | OK | |||
r-oldrel-windows-ix86+x86_64 | 0.1.0 | 6.00 | 70.00 | 76.00 | WARN |
Version: 0.1.0
Check: Rd cross-references
Result: NOTE
Undeclared package ‘lubridate’ in Rd xrefs
Flavor: r-devel-linux-x86_64-fedora-clang
Version: 0.1.0
Check: for unstated dependencies in ‘tests’
Result: WARN
Warning: unable to access index for repository https://bioconductor.org/packages/3.14/bioc/src/contrib:
cannot open URL 'https://bioconductor.org/packages/3.14/bioc/src/contrib/PACKAGES'
Warning: unable to access index for repository https://bioconductor.org/packages/3.14/data/annotation/src/contrib:
cannot open URL 'https://bioconductor.org/packages/3.14/data/annotation/src/contrib/PACKAGES'
Warning: unable to access index for repository https://bioconductor.org/packages/3.14/data/experiment/src/contrib:
cannot open URL 'https://bioconductor.org/packages/3.14/data/experiment/src/contrib/PACKAGES'
Flavor: r-oldrel-windows-ix86+x86_64