Last updated on 2023-03-28 06:51:23 CEST.
Flavor | Version | Tinstall | Tcheck | Ttotal | Status | Flags |
---|---|---|---|---|---|---|
r-devel-linux-x86_64-debian-clang | 0.6.5 | 12.26 | 95.42 | 107.68 | OK | |
r-devel-linux-x86_64-debian-gcc | 0.6.5 | 10.73 | 69.93 | 80.66 | OK | |
r-devel-linux-x86_64-fedora-clang | 0.6.5 | 132.10 | OK | |||
r-devel-linux-x86_64-fedora-gcc | 0.6.5 | 138.24 | OK | |||
r-patched-linux-x86_64 | 0.6.5 | 16.29 | 87.08 | 103.37 | OK | |
r-release-linux-x86_64 | 0.6.5 | 11.79 | 91.52 | 103.31 | OK | |
r-release-macos-arm64 | 0.6.5 | 37.00 | OK | |||
r-release-macos-x86_64 | 0.6.5 | 54.00 | OK | |||
r-release-windows-x86_64 | 0.6.5 | 49.00 | 129.00 | 178.00 | OK | |
r-oldrel-macos-arm64 | 0.6.5 | 44.00 | OK | |||
r-oldrel-macos-x86_64 | 0.6.5 | 60.00 | OK | |||
r-oldrel-windows-ix86+x86_64 | 0.6.5 | 32.00 | 133.00 | 165.00 | NOTE |
Version: 0.6.5
Check: R code for possible problems
Result: NOTE
Initiating curl with CURL_SSL_BACKEND: openssl
Flavor: r-oldrel-windows-ix86+x86_64