Last updated on 2023-01-28 07:15:02 CET.
Flavor | Version | Tinstall | Tcheck | Ttotal | Status | Flags |
---|---|---|---|---|---|---|
r-devel-linux-x86_64-debian-clang | 2.2.5 | 190.75 | 515.20 | 705.95 | NOTE | |
r-devel-linux-x86_64-debian-gcc | 2.2.5 | 144.77 | 378.07 | 522.84 | NOTE | |
r-devel-linux-x86_64-fedora-clang | 2.2.5 | 909.20 | NOTE | |||
r-devel-linux-x86_64-fedora-gcc | 2.2.5 | 935.07 | NOTE | |||
r-patched-linux-x86_64 | 2.2.5 | 160.27 | 493.05 | 653.32 | NOTE | |
r-release-linux-x86_64 | 2.2.5 | 148.49 | 494.01 | 642.50 | NOTE | |
r-release-macos-arm64 | 2.2.5 | 211.00 | NOTE | |||
r-release-macos-x86_64 | 2.2.5 | 257.00 | NOTE | |||
r-release-windows-x86_64 | 2.2.5 | 182.00 | 542.00 | 724.00 | NOTE | |
r-oldrel-macos-arm64 | 2.2.5 | 194.00 | NOTE | |||
r-oldrel-macos-x86_64 | 2.2.5 | 248.00 | NOTE | |||
r-oldrel-windows-ix86+x86_64 | 2.2.5 | 429.00 | 714.00 | 1143.00 | NOTE |
Version: 2.2.5
Check: for GNU extensions in Makefiles
Result: NOTE
GNU make is a SystemRequirements.
Flavors: r-devel-linux-x86_64-debian-clang, r-devel-linux-x86_64-debian-gcc, r-devel-linux-x86_64-fedora-clang, r-devel-linux-x86_64-fedora-gcc, r-patched-linux-x86_64, r-release-linux-x86_64, r-release-macos-arm64, r-release-macos-x86_64, r-release-windows-x86_64, r-oldrel-macos-arm64, r-oldrel-macos-x86_64, r-oldrel-windows-ix86+x86_64
Version: 2.2.5
Check: C++ specification
Result: NOTE
Specified C++11: please update to current default of C++17
Flavors: r-devel-linux-x86_64-debian-gcc, r-devel-linux-x86_64-fedora-clang, r-devel-linux-x86_64-fedora-gcc
Version: 2.2.5
Check: installed package size
Result: NOTE
installed size is 6.4Mb
sub-directories of 1Mb or more:
exampledata 1.5Mb
libs 3.6Mb
Flavors: r-release-macos-arm64, r-release-macos-x86_64, r-oldrel-macos-arm64, r-oldrel-macos-x86_64, r-oldrel-windows-ix86+x86_64