CRAN Package Check Results for Package openMSE

Last updated on 2022-08-15 06:49:13 CEST.

Flavor Version Tinstall Tcheck Ttotal Status Flags
r-devel-linux-x86_64-debian-clang 1.0.0 13.90 112.16 126.06 NOTE
r-devel-linux-x86_64-debian-gcc 1.0.0 11.36 83.94 95.30 NOTE
r-devel-linux-x86_64-fedora-clang 1.0.0 156.05 NOTE
r-devel-linux-x86_64-fedora-gcc 1.0.0 155.10 NOTE
r-devel-windows-x86_64 1.0.0 16.00 127.00 143.00 NOTE
r-patched-linux-x86_64 1.0.0 12.34 105.19 117.53 NOTE
r-release-linux-x86_64 1.0.0 8.96 105.79 114.75 NOTE
r-release-macos-arm64 1.0.0 37.00 NOTE
r-release-macos-x86_64 1.0.0 72.00 NOTE
r-release-windows-x86_64 1.0.0 32.00 129.00 161.00 NOTE
r-oldrel-macos-arm64 1.0.0 44.00 NOTE
r-oldrel-macos-x86_64 1.0.0 56.00 NOTE
r-oldrel-windows-ix86+x86_64 1.0.0 33.00 123.00 156.00 NOTE

Check Details

Version: 1.0.0
Check: LazyData
Result: NOTE
     'LazyData' is specified without a 'data' directory
Flavors: r-devel-linux-x86_64-debian-clang, r-devel-linux-x86_64-debian-gcc, r-devel-linux-x86_64-fedora-clang, r-devel-linux-x86_64-fedora-gcc, r-devel-windows-x86_64, r-patched-linux-x86_64, r-release-linux-x86_64, r-release-macos-arm64, r-release-macos-x86_64, r-release-windows-x86_64, r-oldrel-macos-arm64, r-oldrel-macos-x86_64, r-oldrel-windows-ix86+x86_64