Last updated on 2023-03-22 05:52:33 CET.
Flavor | Version | Tinstall | Tcheck | Ttotal | Status | Flags |
---|---|---|---|---|---|---|
r-devel-linux-x86_64-debian-clang | 1.2.3 | 17.21 | 158.18 | 175.39 | OK | |
r-devel-linux-x86_64-debian-gcc | 1.2.3 | 15.24 | 118.57 | 133.81 | OK | |
r-devel-linux-x86_64-fedora-clang | 1.2.3 | 214.64 | NOTE | |||
r-devel-linux-x86_64-fedora-gcc | 1.2.3 | 213.20 | OK | |||
r-patched-linux-x86_64 | 1.2.3 | 16.76 | 144.91 | 161.67 | OK | |
r-release-linux-x86_64 | 1.2.3 | 15.52 | 147.55 | 163.07 | OK | |
r-release-macos-arm64 | 1.2.3 | 52.00 | NOTE | |||
r-release-macos-x86_64 | 1.2.3 | 84.00 | NOTE | |||
r-release-windows-x86_64 | 1.2.3 | 46.00 | 213.00 | 259.00 | NOTE | |
r-oldrel-macos-arm64 | 1.2.3 | 57.00 | NOTE | |||
r-oldrel-macos-x86_64 | 1.2.3 | 75.00 | NOTE | |||
r-oldrel-windows-ix86+x86_64 | 1.2.3 | 48.00 | 216.00 | 264.00 | NOTE |
Version: 1.2.3
Check: installed package size
Result: NOTE
installed size is 9.4Mb
sub-directories of 1Mb or more:
extdata 9.0Mb
Flavors: r-devel-linux-x86_64-fedora-clang, r-release-macos-arm64, r-release-macos-x86_64, r-release-windows-x86_64, r-oldrel-macos-arm64, r-oldrel-macos-x86_64, r-oldrel-windows-ix86+x86_64