CRAN Package Check Results for Package openintro

Last updated on 2021-12-03 06:49:11 CET.

Flavor Version Tinstall Tcheck Ttotal Status Flags
r-devel-linux-x86_64-debian-clang 2.2.0 33.00 165.50 198.50 OK
r-devel-linux-x86_64-debian-gcc 2.2.0 29.06 119.94 149.00 OK
r-devel-linux-x86_64-fedora-clang 2.2.0 242.65 NOTE
r-devel-linux-x86_64-fedora-gcc 2.2.0 230.89 NOTE
r-devel-windows-x86_64-new-UL 2.2.0 89.00 310.00 399.00 OK
r-devel-windows-x86_64-new-TK 2.2.0 NOTE
r-devel-windows-x86_64-old 2.2.0 50.00 197.00 247.00 OK
r-patched-linux-x86_64 2.2.0 36.38 148.11 184.49 OK
r-patched-solaris-x86 2.2.0 334.90 NOTE
r-release-linux-x86_64 2.2.0 32.82 148.23 181.05 OK
r-release-macos-arm64 2.2.0 NOTE
r-release-macos-x86_64 2.2.0 NOTE
r-release-windows-ix86+x86_64 2.2.0 56.00 249.00 305.00 OK
r-oldrel-macos-x86_64 2.2.0 NOTE
r-oldrel-windows-ix86+x86_64 2.2.0 55.00 248.00 303.00 OK

Check Details

Version: 2.2.0
Check: data for non-ASCII characters
Result: NOTE
     Note: found 2521 marked UTF-8 strings
Flavors: r-devel-linux-x86_64-fedora-clang, r-devel-linux-x86_64-fedora-gcc, r-devel-windows-x86_64-new-TK, r-patched-solaris-x86, r-release-macos-arm64, r-release-macos-x86_64, r-oldrel-macos-x86_64