CRAN Package Check Results for Package openssl

Last updated on 2020-12-02 06:46:48 CET.

Flavor Version Tinstall Tcheck Ttotal Status Flags
r-devel-linux-x86_64-debian-clang 1.4.3 17.35 52.29 69.64 OK
r-devel-linux-x86_64-debian-gcc 1.4.3 8.29 41.06 49.35 OK
r-devel-linux-x86_64-fedora-clang 1.4.3 88.04 NOTE
r-devel-linux-x86_64-fedora-gcc 1.4.3 76.41 NOTE
r-devel-windows-ix86+x86_64 1.4.3 72.00 108.00 180.00 NOTE
r-patched-linux-x86_64 1.4.3 10.27 51.93 62.20 OK
r-patched-solaris-x86 1.4.3 120.80 OK
r-release-linux-x86_64 1.4.3 11.22 52.70 63.92 OK
r-release-macos-x86_64 1.4.3 NOTE
r-release-windows-ix86+x86_64 1.4.3 78.00 108.00 186.00 NOTE
r-oldrel-macos-x86_64 1.4.3 NOTE
r-oldrel-windows-ix86+x86_64 1.4.3 56.00 131.00 187.00 NOTE

Check Details

Version: 1.4.3
Check: top-level files
Result: NOTE
    ‘configure’: ‘env bash’ is not portable as bash need not be installed
Flavors: r-devel-linux-x86_64-fedora-clang, r-devel-linux-x86_64-fedora-gcc

Version: 1.4.3
Check: installed package size
Result: NOTE
     installed size is 8.7Mb
     sub-directories of 1Mb or more:
     doc 2.6Mb
     libs 5.7Mb
Flavors: r-devel-windows-ix86+x86_64, r-release-macos-x86_64, r-release-windows-ix86+x86_64, r-oldrel-macos-x86_64, r-oldrel-windows-ix86+x86_64