CRAN Package Check Results for Package openssl

Last updated on 2021-08-04 06:48:44 CEST.

Flavor Version Tinstall Tcheck Ttotal Status Flags
r-devel-linux-x86_64-debian-clang 1.4.4 14.85 51.57 66.42 OK
r-devel-linux-x86_64-debian-gcc 1.4.4 7.90 39.99 47.89 OK
r-devel-linux-x86_64-fedora-clang 1.4.4 90.60 OK
r-devel-linux-x86_64-fedora-gcc 1.4.4 78.21 OK
r-devel-windows-x86_64 1.4.4 33.00 92.00 125.00 NOTE
r-devel-windows-x86_64-gcc10-UCRT 1.4.4 OK
r-patched-linux-x86_64 1.4.4 9.81 50.75 60.56 OK
r-patched-solaris-x86 1.4.4 125.80 OK
r-release-linux-x86_64 1.4.4 10.32 51.94 62.26 OK
r-release-macos-arm64 1.4.4 NOTE
r-release-macos-x86_64 1.4.4 NOTE
r-release-windows-ix86+x86_64 1.4.4 73.00 133.00 206.00 NOTE
r-oldrel-macos-x86_64 1.4.4 NOTE
r-oldrel-windows-ix86+x86_64 1.4.4 63.00 130.00 193.00 NOTE

Check Details

Version: 1.4.4
Check: installed package size
Result: NOTE
     installed size is 6.3Mb
     sub-directories of 1Mb or more:
     doc 3.0Mb
     libs 2.8Mb
Flavors: r-devel-windows-x86_64, r-release-macos-arm64, r-release-macos-x86_64, r-release-windows-ix86+x86_64, r-oldrel-macos-x86_64, r-oldrel-windows-ix86+x86_64