CRAN Package Check Results for Package openssl

Last updated on 2020-09-21 06:49:18 CEST.

Flavor Version Tinstall Tcheck Ttotal Status Flags
r-devel-linux-x86_64-debian-clang 1.4.3 15.82 48.03 63.85 OK
r-devel-linux-x86_64-debian-gcc 1.4.3 8.78 40.15 48.93 OK
r-devel-linux-x86_64-fedora-clang 1.4.3 88.83 OK
r-devel-linux-x86_64-fedora-gcc 1.4.3 74.43 OK
r-devel-windows-ix86+x86_64 1.4.2 78.00 137.00 215.00 NOTE
r-patched-linux-x86_64 1.4.2 10.37 46.90 57.27 OK
r-patched-solaris-x86 1.4.3 122.30 OK
r-release-linux-x86_64 1.4.3 9.93 48.84 58.77 OK
r-release-macos-x86_64 1.4.3 NOTE
r-release-windows-ix86+x86_64 1.4.3 63.00 123.00 186.00 NOTE
r-oldrel-macos-x86_64 1.4.3 ERROR
r-oldrel-windows-ix86+x86_64 1.4.2 54.00 130.00 184.00 NOTE

Check Details

Version: 1.4.2
Check: installed package size
Result: NOTE
     installed size is 8.7Mb
     sub-directories of 1Mb or more:
     doc 2.6Mb
     libs 5.7Mb
Flavors: r-devel-windows-ix86+x86_64, r-oldrel-windows-ix86+x86_64

Version: 1.4.3
Check: installed package size
Result: NOTE
     installed size is 6.6Mb
     sub-directories of 1Mb or more:
     doc 2.6Mb
     libs 3.5Mb
Flavors: r-release-macos-x86_64, r-release-windows-ix86+x86_64, r-oldrel-macos-x86_64

Version: 1.4.3
Check: tests
Result: ERROR
     Running ‘engine.R’ [0s/0s]
     Comparing ‘engine.Rout’ to ‘engine.Rout.save’ ...4d3
    < Linking to: OpenSSL 1.1.1g 21 Apr 2020
     Running ‘testthat.R’ [11s/20s]
    Running the tests in ‘tests/testthat.R’ failed.
    Last 13 lines of output:
     Linking to: OpenSSL 1.1.1g 21 Apr 2020
     >
     > test_check("openssl")
     ── 1. Error: google certs validate (@test_google.R#15) ────────────────────────
     Failed to connect to 2404:6800:4006:80b::2013 on port 443 (Timeout reached)
     Backtrace:
     1. testthat::expect_true(...)
     5. openssl::download_ssl_cert("good.r1demo.pki.goog")
    
     ══ testthat results ═══════════════════════════════════════════════════════════
     [ OK: 548 | SKIPPED: 0 | WARNINGS: 0 | FAILED: 1 ]
     1. Error: google certs validate (@test_google.R#15)
    
     Error: testthat unit tests failed
     Execution halted
Flavor: r-oldrel-macos-x86_64