CRAN Package Check Results for Package openxlsx

Last updated on 2020-11-24 06:46:52 CET.

Flavor Version Tinstall Tcheck Ttotal Status Flags
r-devel-linux-x86_64-debian-clang 4.2.3 167.67 111.23 278.90 OK
r-devel-linux-x86_64-debian-gcc 4.2.3 151.37 85.21 236.58 OK
r-devel-linux-x86_64-fedora-clang 4.2.3 321.77 NOTE
r-devel-linux-x86_64-fedora-gcc 4.2.3 310.51 OK
r-devel-windows-ix86+x86_64 4.2.3 250.00 221.00 471.00 OK
r-patched-linux-x86_64 4.2.3 191.89 108.72 300.61 OK
r-patched-solaris-x86 4.2.3 307.70 OK
r-release-linux-x86_64 4.2.3 189.45 106.74 296.19 OK
r-release-macos-x86_64 4.2.3 NOTE
r-release-windows-ix86+x86_64 4.2.3 197.00 199.00 396.00 OK
r-oldrel-macos-x86_64 4.2.3 NOTE
r-oldrel-windows-ix86+x86_64 4.2.3 190.00 213.00 403.00 OK

Check Details

Version: 4.2.3
Check: installed package size
Result: NOTE
     installed size is 8.4Mb
     sub-directories of 1Mb or more:
     extdata 1.1Mb
     libs 6.3Mb
Flavors: r-devel-linux-x86_64-fedora-clang, r-release-macos-x86_64, r-oldrel-macos-x86_64