CRAN Package Check Results for Package optiSolve

Last updated on 2021-01-16 06:51:17 CET.

Flavor Version Tinstall Tcheck Ttotal Status Flags
r-devel-linux-x86_64-debian-clang 0.1.2 9.42 94.89 104.31 OK
r-devel-linux-x86_64-debian-gcc 0.1.2 8.19 73.22 81.41 OK
r-devel-linux-x86_64-fedora-clang 0.1.2 139.47 NOTE
r-devel-linux-x86_64-fedora-gcc 0.1.2 128.55 NOTE
r-devel-windows-ix86+x86_64 0.1.2 15.00 101.00 116.00 OK
r-patched-linux-x86_64 0.1.2 9.40 90.94 100.34 OK
r-patched-solaris-x86 0.1.2 208.50 NOTE
r-release-linux-x86_64 0.1.2 9.42 90.42 99.84 OK
r-release-macos-x86_64 0.1.2 NOTE
r-release-windows-ix86+x86_64 0.1.2 17.00 91.00 108.00 OK
r-oldrel-macos-x86_64 0.1.2 WARN
r-oldrel-windows-ix86+x86_64 0.1.2 17.00 123.00 140.00 OK

Check Details

Version: 0.1.2
Check: dependencies in R code
Result: NOTE
    Namespace in Imports field not imported from: ‘Matrix’
     All declared Imports should be used.
Flavors: r-devel-linux-x86_64-fedora-clang, r-devel-linux-x86_64-fedora-gcc, r-patched-solaris-x86, r-release-macos-x86_64, r-oldrel-macos-x86_64

Version: 0.1.2
Check: whether package can be installed
Result: WARN
    Found the following significant warnings:
     Warning: 'rgl.init' failed, running with 'rgl.useNULL = TRUE'.
Flavor: r-oldrel-macos-x86_64