CRAN Package Check Results for Package optim.functions

Last updated on 2022-01-22 06:49:00 CET.

Flavor Version Tinstall Tcheck Ttotal Status Flags
r-devel-linux-x86_64-debian-clang 0.1 2.23 31.09 33.32 NOTE
r-devel-linux-x86_64-debian-gcc 0.1 1.55 24.79 26.34 NOTE
r-devel-linux-x86_64-fedora-clang 0.1 41.78 NOTE
r-devel-linux-x86_64-fedora-gcc 0.1 30.79 NOTE
r-devel-windows-x86_64-new-UL 0.1 45.00 58.00 103.00 NOTE
r-devel-windows-x86_64-new-TK 0.1 NOTE
r-patched-linux-x86_64 0.1 2.33 29.95 32.28 NOTE
r-release-linux-x86_64 0.1 1.37 29.63 31.00 NOTE
r-release-macos-arm64 0.1 NOTE
r-release-macos-x86_64 0.1 NOTE
r-release-windows-ix86+x86_64 0.1 5.00 38.00 43.00 NOTE
r-oldrel-macos-x86_64 0.1 OK
r-oldrel-windows-ix86+x86_64 0.1 5.00 40.00 45.00 OK

Check Details

Version: 0.1
Check: LazyData
Result: NOTE
     'LazyData' is specified without a 'data' directory
Flavors: r-devel-linux-x86_64-debian-clang, r-devel-linux-x86_64-debian-gcc, r-devel-linux-x86_64-fedora-clang, r-devel-linux-x86_64-fedora-gcc, r-devel-windows-x86_64-new-UL, r-devel-windows-x86_64-new-TK, r-patched-linux-x86_64, r-release-linux-x86_64, r-release-macos-arm64, r-release-macos-x86_64, r-release-windows-ix86+x86_64