CRAN Package Check Results for Package optimus

Last updated on 2022-07-02 07:07:05 CEST.

Flavor Version Tinstall Tcheck Ttotal Status Flags
r-devel-linux-x86_64-debian-clang 0.2.0 2.46 215.58 218.04 OK
r-devel-linux-x86_64-debian-gcc 0.2.0 2.45 152.12 154.57 OK
r-devel-linux-x86_64-fedora-clang 0.2.0 264.70 NOTE
r-devel-linux-x86_64-fedora-gcc 0.2.0 266.70 NOTE
r-devel-windows-x86_64 0.2.0 17.00 228.00 245.00 OK
r-patched-linux-x86_64 0.2.0 3.26 207.91 211.17 OK
r-release-linux-x86_64 0.2.0 2.01 213.86 215.87 OK
r-release-macos-arm64 0.2.0 75.00 NOTE
r-release-macos-x86_64 0.2.0 88.00 NOTE
r-release-windows-x86_64 0.2.0 18.00 247.00 265.00 OK
r-oldrel-macos-arm64 0.2.0 78.00 NOTE
r-oldrel-macos-x86_64 0.2.0 131.00 NOTE
r-oldrel-windows-ix86+x86_64 0.2.0 7.00 251.00 258.00 OK

Check Details

Version: 0.2.0
Check: dependencies in R code
Result: NOTE
    Namespace in Imports field not imported from: ‘methods’
     All declared Imports should be used.
Flavors: r-devel-linux-x86_64-fedora-clang, r-devel-linux-x86_64-fedora-gcc, r-release-macos-arm64, r-release-macos-x86_64, r-oldrel-macos-arm64, r-oldrel-macos-x86_64