CRAN Package Check Results for Package ordinalgmifs

Last updated on 2024-02-24 06:50:44 CET.

Flavor Version Tinstall Tcheck Ttotal Status Flags
r-devel-linux-x86_64-debian-clang 1.0.8 9.99 120.40 130.39 OK
r-devel-linux-x86_64-debian-gcc 1.0.8 8.80 89.19 97.99 OK
r-devel-linux-x86_64-fedora-clang 1.0.8 155.22 NOTE
r-devel-linux-x86_64-fedora-gcc 1.0.8 166.40 OK
r-devel-windows-x86_64 1.0.8 12.00 92.00 104.00 OK --no-vignettes
r-patched-linux-x86_64 1.0.8 13.02 113.97 126.99 OK
r-release-linux-x86_64 1.0.8 9.69 113.46 123.15 OK
r-release-macos-arm64 1.0.8 60.00 OK
r-release-macos-x86_64 1.0.8 183.00 OK
r-release-windows-x86_64 1.0.8 16.00 73.00 89.00 OK --no-vignettes
r-oldrel-macos-arm64 1.0.8 59.00 OK
r-oldrel-windows-x86_64 1.0.8 16.00 75.00 91.00 OK --no-vignettes

Check Details

Version: 1.0.8
Check: Rd cross-references
Result: NOTE Undeclared package ‘VGAM’ in Rd xrefs Flavor: r-devel-linux-x86_64-fedora-clang