CRAN Package Check Results for Package org

Last updated on 2022-01-20 06:49:26 CET.

Flavor Version Tinstall Tcheck Ttotal Status Flags
r-devel-linux-x86_64-debian-clang 2019.4.2 NOTE
r-devel-linux-x86_64-debian-gcc 2019.4.2 1.54 25.52 27.06 NOTE
r-devel-linux-x86_64-fedora-clang 2019.4.2 42.92 NOTE
r-devel-linux-x86_64-fedora-gcc 2019.4.2 32.40 NOTE
r-devel-windows-x86_64-new-UL 2019.4.2 27.00 56.00 83.00 NOTE
r-devel-windows-x86_64-new-TK 2019.4.2 NOTE
r-patched-linux-x86_64 2019.4.2 1.90 30.98 32.88 NOTE
r-release-linux-x86_64 2019.4.2 NOTE
r-release-macos-arm64 2019.4.2 NOTE
r-release-macos-x86_64 2019.4.2 NOTE
r-release-windows-ix86+x86_64 2019.4.2 6.00 40.00 46.00 NOTE
r-oldrel-macos-x86_64 2019.4.2 OK
r-oldrel-windows-ix86+x86_64 2019.4.2 6.00 42.00 48.00 NOTE

Check Details

Version: 2019.4.2
Check: LazyData
Result: NOTE
     'LazyData' is specified without a 'data' directory
Flavors: r-devel-linux-x86_64-debian-clang, r-devel-linux-x86_64-debian-gcc, r-devel-linux-x86_64-fedora-clang, r-devel-linux-x86_64-fedora-gcc, r-devel-windows-x86_64-new-UL, r-devel-windows-x86_64-new-TK, r-patched-linux-x86_64, r-release-linux-x86_64, r-release-macos-arm64, r-release-macos-x86_64, r-release-windows-ix86+x86_64

Version: 2019.4.2
Check: package vignettes
Result: NOTE
    Package vignette with placeholder title 'Vignette Title':
     'intro.Rmd'
Flavors: r-devel-linux-x86_64-debian-clang, r-devel-linux-x86_64-debian-gcc, r-devel-windows-x86_64-new-UL, r-patched-linux-x86_64, r-release-linux-x86_64, r-release-windows-ix86+x86_64, r-oldrel-windows-ix86+x86_64