CRAN Package Check Results for Package orgutils

Last updated on 2022-06-26 06:50:43 CEST.

Flavor Version Tinstall Tcheck Ttotal Status Flags
r-devel-linux-x86_64-debian-clang 0.4-1 2.08 24.98 27.06 OK
r-devel-linux-x86_64-debian-gcc 0.4-1 1.62 19.74 21.36 OK
r-devel-linux-x86_64-fedora-clang 0.4-1 45.66 NOTE
r-devel-linux-x86_64-fedora-gcc 0.4-1 45.49 OK
r-devel-windows-x86_64 0.4-1 14.00 60.00 74.00 OK
r-patched-linux-x86_64 0.4-1 1.56 24.44 26.00 OK
r-release-linux-x86_64 0.4-1 1.63 24.30 25.93 OK
r-release-macos-arm64 0.4-1 17.00 OK
r-release-macos-x86_64 0.4-1 23.00 OK
r-release-windows-x86_64 0.4-1 23.00 62.00 85.00 OK
r-oldrel-macos-arm64 0.4-1 20.00 OK
r-oldrel-macos-x86_64 0.4-1 27.00 OK
r-oldrel-windows-ix86+x86_64 0.4-1 6.00 49.00 55.00 OK

Check Details

Version: 0.4-1
Check: Rd cross-references
Result: NOTE
    Undeclared package ‘microplot’ in Rd xrefs
Flavor: r-devel-linux-x86_64-fedora-clang