CRAN Package Check Results for Package oro.dicom

Last updated on 2020-09-22 06:47:35 CEST.

Flavor Version Tinstall Tcheck Ttotal Status Flags
r-devel-linux-x86_64-debian-clang 0.5.3 3.90 51.70 55.60 OK
r-devel-linux-x86_64-debian-gcc 0.5.3 0.46 2.15 2.61 ERROR
r-devel-linux-x86_64-fedora-clang 0.5.3 78.52 OK
r-devel-linux-x86_64-fedora-gcc 0.5.3 66.85 OK
r-devel-windows-ix86+x86_64 0.5.3 9.00 65.00 74.00 OK
r-patched-linux-x86_64 0.5.3 3.24 50.78 54.02 OK
r-patched-solaris-x86 0.5.3 103.50 OK
r-release-linux-x86_64 0.5.3 3.52 51.31 54.83 OK
r-release-macos-x86_64 0.5.3 OK
r-release-windows-ix86+x86_64 0.5.3 8.00 60.00 68.00 OK
r-oldrel-macos-x86_64 0.5.3 OK
r-oldrel-windows-ix86+x86_64 0.5.3 5.00 86.00 91.00 OK

Check Details

Version: 0.5.3
Check: whether package can be installed
Result: ERROR
    Installation failed.
Flavor: r-devel-linux-x86_64-debian-gcc