CRAN Package Check Results for Package oro.nifti

Last updated on 2020-09-30 06:51:19 CEST.

Flavor Version Tinstall Tcheck Ttotal Status Flags
r-devel-linux-x86_64-debian-clang 0.11.0 17.58 101.38 118.96 OK
r-devel-linux-x86_64-debian-gcc 0.11.0 14.74 76.31 91.05 OK
r-devel-linux-x86_64-fedora-clang 0.11.0 151.08 NOTE
r-devel-linux-x86_64-fedora-gcc 0.11.0 141.33 OK
r-devel-windows-ix86+x86_64 0.11.0 34.00 119.00 153.00 NOTE
r-patched-linux-x86_64 0.11.0 16.94 96.11 113.05 OK
r-patched-solaris-x86 0.11.0 179.40 NOTE
r-release-linux-x86_64 0.11.0 16.38 95.46 111.84 OK
r-release-macos-x86_64 0.11.0 NOTE
r-release-windows-ix86+x86_64 0.11.0 38.00 141.00 179.00 NOTE
r-oldrel-macos-x86_64 0.11.0 NOTE
r-oldrel-windows-ix86+x86_64 0.11.0 30.00 124.00 154.00 NOTE

Check Details

Version: 0.11.0
Check: installed package size
Result: NOTE
     installed size is 6.6Mb
     sub-directories of 1Mb or more:
     R 1.0Mb
     nifti 3.8Mb
Flavors: r-devel-linux-x86_64-fedora-clang, r-devel-windows-ix86+x86_64, r-patched-solaris-x86, r-release-macos-x86_64, r-release-windows-ix86+x86_64, r-oldrel-macos-x86_64, r-oldrel-windows-ix86+x86_64