CRAN Package Check Results for Package oro.pet

Last updated on 2022-05-24 06:50:48 CEST.

Flavor Version Tinstall Tcheck Ttotal Status Flags
r-devel-linux-x86_64-debian-clang 0.2.6 12.30 97.29 109.59 OK
r-devel-linux-x86_64-debian-gcc 0.2.6 7.92 73.93 81.85 OK
r-devel-linux-x86_64-fedora-clang 0.2.6 129.67 NOTE
r-devel-linux-x86_64-fedora-gcc 0.2.6 116.57 NOTE
r-devel-windows-x86_64 0.2.6 17.00 104.00 121.00 OK
r-patched-linux-x86_64 0.2.6 11.05 92.50 103.55 OK
r-release-linux-x86_64 0.2.6 OK
r-release-macos-arm64 0.2.6 34.00 NOTE
r-release-macos-x86_64 0.2.6 51.00 NOTE
r-release-windows-x86_64 0.2.6 15.00 106.00 121.00 OK
r-oldrel-macos-arm64 0.2.6 41.00 NOTE
r-oldrel-macos-x86_64 0.2.6 74.00 NOTE
r-oldrel-windows-ix86+x86_64 0.2.6 23.00 102.00 125.00 OK

Check Details

Version: 0.2.6
Check: dependencies in R code
Result: NOTE
    Namespace in Imports field not imported from: ‘grDevices’
     All declared Imports should be used.
Flavors: r-devel-linux-x86_64-fedora-clang, r-devel-linux-x86_64-fedora-gcc, r-release-macos-arm64, r-release-macos-x86_64, r-oldrel-macos-arm64, r-oldrel-macos-x86_64