CRAN Package Check Results for Package orthopolynom

Last updated on 2024-06-20 06:57:19 CEST.

Flavor Version Tinstall Tcheck Ttotal Status Flags
r-devel-linux-x86_64-debian-clang 1.0-6.1 6.20 51.91 58.11 NOTE
r-devel-linux-x86_64-debian-gcc 1.0-6.1 3.72 38.24 41.96 NOTE
r-devel-linux-x86_64-fedora-clang 1.0-6.1 70.94 NOTE
r-devel-linux-x86_64-fedora-gcc 1.0-6.1 66.65 NOTE
r-devel-windows-x86_64 1.0-6.1 7.00 78.00 85.00 NOTE
r-patched-linux-x86_64 1.0-6.1 7.97 48.77 56.74 NOTE
r-release-linux-x86_64 1.0-6.1 4.94 49.69 54.63 NOTE
r-release-macos-arm64 1.0-6.1 22.00 NOTE
r-release-macos-x86_64 1.0-6.1 33.00 NOTE
r-release-windows-x86_64 1.0-6.1 8.00 80.00 88.00 NOTE
r-oldrel-macos-arm64 1.0-6.1 29.00 OK
r-oldrel-macos-x86_64 1.0-6.1 37.00 OK
r-oldrel-windows-x86_64 1.0-6.1 6.00 87.00 93.00 OK

Check Details

Version: 1.0-6.1
Check: Rd files
Result: NOTE checkRd: (-1) polynomial.derivatives.Rd:18: Lost braces in \itemize; meant \describe ? checkRd: (-1) polynomial.derivatives.Rd:19: Lost braces in \itemize; meant \describe ? checkRd: (-1) polynomial.derivatives.Rd:21: Lost braces in \itemize; meant \describe ? checkRd: (-1) polynomial.integrals.Rd:18: Lost braces in \itemize; meant \describe ? checkRd: (-1) polynomial.integrals.Rd:19: Lost braces in \itemize; meant \describe ? checkRd: (-1) polynomial.integrals.Rd:21: Lost braces in \itemize; meant \describe ? Flavors: r-devel-linux-x86_64-debian-clang, r-devel-linux-x86_64-debian-gcc, r-devel-linux-x86_64-fedora-clang, r-devel-linux-x86_64-fedora-gcc, r-devel-windows-x86_64, r-patched-linux-x86_64, r-release-linux-x86_64, r-release-macos-arm64, r-release-macos-x86_64, r-release-windows-x86_64