CRAN Package Check Results for Package otinference

Last updated on 2021-02-25 06:47:09 CET.

Flavor Version Tinstall Tcheck Ttotal Status Flags
r-devel-linux-x86_64-debian-clang 0.1.0 1.84 20.84 22.68 OK
r-devel-linux-x86_64-debian-gcc 0.1.0 1.62 16.64 18.26 OK
r-devel-linux-x86_64-fedora-clang 0.1.0 40.57 NOTE
r-devel-linux-x86_64-fedora-gcc 0.1.0 27.49 NOTE
r-devel-windows-ix86+x86_64 0.1.0 3.00 27.00 30.00 NOTE
r-patched-linux-x86_64 0.1.0 2.04 20.37 22.41 OK
r-patched-solaris-x86 0.1.0 41.50 NOTE
r-release-linux-x86_64 0.1.0 2.06 20.22 22.28 OK
r-release-macos-x86_64 0.1.0 NOTE
r-release-windows-ix86+x86_64 0.1.0 4.00 35.00 39.00 NOTE
r-oldrel-macos-x86_64 0.1.0 NOTE
r-oldrel-windows-ix86+x86_64 0.1.0 3.00 35.00 38.00 NOTE

Check Details

Version: 0.1.0
Check: package dependencies
Result: NOTE
    Package suggested but not available for checking: ‘Rcplex’
Flavors: r-devel-linux-x86_64-fedora-clang, r-devel-linux-x86_64-fedora-gcc, r-devel-windows-ix86+x86_64, r-patched-solaris-x86, r-release-macos-x86_64, r-release-windows-ix86+x86_64, r-oldrel-macos-x86_64, r-oldrel-windows-ix86+x86_64