Last updated on 2023-03-28 06:51:23 CEST.
Flavor | Version | Tinstall | Tcheck | Ttotal | Status | Flags |
---|---|---|---|---|---|---|
r-devel-linux-x86_64-debian-clang | 1.0.1 | 8.07 | 55.55 | 63.62 | OK | |
r-devel-linux-x86_64-debian-gcc | 1.0.1 | 6.19 | 42.12 | 48.31 | OK | |
r-devel-linux-x86_64-fedora-clang | 1.0.1 | 78.74 | OK | |||
r-devel-linux-x86_64-fedora-gcc | 1.0.1 | 85.25 | OK | |||
r-patched-linux-x86_64 | 1.0.1 | 7.37 | 52.63 | 60.00 | OK | |
r-release-linux-x86_64 | 1.0.1 | 7.37 | 53.67 | 61.04 | OK | |
r-release-macos-arm64 | 1.0.1 | 26.00 | OK | |||
r-release-macos-x86_64 | 1.0.1 | 44.00 | OK | |||
r-release-windows-x86_64 | 1.0.1 | 49.00 | 92.00 | 141.00 | OK | |
r-oldrel-macos-arm64 | 1.0.1 | 29.00 | OK | |||
r-oldrel-macos-x86_64 | 1.0.1 | 41.00 | OK | |||
r-oldrel-windows-ix86+x86_64 | 1.0.1 | 16.00 | 85.00 | 101.00 | NOTE |
Version: 1.0.1
Check: dependencies in R code
Result: NOTE
Initiating curl with CURL_SSL_BACKEND: openssl
Flavor: r-oldrel-windows-ix86+x86_64