CRAN Package Check Results for Package outliertree

Last updated on 2021-06-19 06:48:17 CEST.

Flavor Version Tinstall Tcheck Ttotal Status Flags
r-devel-linux-x86_64-debian-clang 1.7.2 97.50 40.10 137.60 OK
r-devel-linux-x86_64-debian-gcc 1.7.2 69.27 29.59 98.86 OK
r-devel-linux-x86_64-fedora-clang 1.7.2 198.25 NOTE
r-devel-linux-x86_64-fedora-gcc 1.7.2 174.68 OK
r-devel-windows-x86_64 1.7.2 113.00 59.00 172.00 OK
r-devel-windows-x86_64-gcc10-UCRT 1.7.2 OK
r-patched-linux-x86_64 1.7.2 77.33 37.32 114.65 OK
r-patched-solaris-x86 1.7.2 171.20 OK
r-release-linux-x86_64 1.7.2 75.77 37.18 112.95 OK
r-release-macos-arm64 1.7.2 NOTE
r-release-macos-x86_64 1.7.2 NOTE
r-release-windows-ix86+x86_64 1.7.2 212.00 82.00 294.00 OK
r-oldrel-macos-x86_64 1.7.2 WARN
r-oldrel-windows-ix86+x86_64 1.7.2 174.00 83.00 257.00 OK

Check Details

Version: 1.7.2
Check: installed package size
Result: NOTE
     installed size is 5.6Mb
     sub-directories of 1Mb or more:
     libs 5.3Mb
Flavors: r-devel-linux-x86_64-fedora-clang, r-release-macos-arm64, r-release-macos-x86_64, r-oldrel-macos-x86_64

Version: 1.7.2
Check: re-building of vignette outputs
Result: WARN
    Error(s) in re-building vignettes:
     ...
    --- re-building ‘Introducing_OutlierTree.Rmd’ using rmarkdown
    Warning in engine$weave(file, quiet = quiet, encoding = enc) :
     Pandoc (>= 1.12.3) not available. Falling back to R Markdown v1.
    Error: processing vignette 'Introducing_OutlierTree.Rmd' failed with diagnostics:
    there is no package called 'stringi'
    --- failed re-building ‘Introducing_OutlierTree.Rmd’
    
    SUMMARY: processing the following file failed:
     ‘Introducing_OutlierTree.Rmd’
    
    Error: Vignette re-building failed.
    Execution halted
Flavor: r-oldrel-macos-x86_64