CRAN Package Check Results for Package outreg

Last updated on 2024-05-28 06:58:39 CEST.

Flavor Version Tinstall Tcheck Ttotal Status Flags
r-devel-linux-x86_64-debian-clang 0.2.2 3.45 39.39 42.84 NOTE
r-devel-linux-x86_64-debian-gcc 0.2.2 2.46 29.63 32.09 NOTE
r-devel-linux-x86_64-fedora-clang 0.2.2 52.95 NOTE
r-devel-linux-x86_64-fedora-gcc 0.2.2 48.80 NOTE
r-devel-windows-x86_64 0.2.2 3.00 50.00 53.00 NOTE
r-patched-linux-x86_64 0.2.2 2.92 37.62 40.54 NOTE
r-release-linux-x86_64 0.2.2 1.81 38.03 39.84 NOTE
r-release-macos-arm64 0.2.2 19.00 NOTE
r-release-windows-x86_64 0.2.2 4.00 51.00 55.00 NOTE
r-oldrel-macos-arm64 0.2.2 21.00 NOTE
r-oldrel-macos-x86_64 0.2.2 28.00 NOTE
r-oldrel-windows-x86_64 0.2.2 4.00 55.00 59.00 NOTE

Check Details

Version: 0.2.2
Check: LazyData
Result: NOTE 'LazyData' is specified without a 'data' directory Flavors: r-devel-linux-x86_64-debian-clang, r-devel-linux-x86_64-debian-gcc, r-devel-linux-x86_64-fedora-clang, r-devel-linux-x86_64-fedora-gcc, r-devel-windows-x86_64, r-patched-linux-x86_64, r-release-linux-x86_64, r-release-macos-arm64, r-release-windows-x86_64, r-oldrel-macos-arm64, r-oldrel-macos-x86_64, r-oldrel-windows-x86_64