Last updated on 2023-02-02 06:55:00 CET.
Flavor | Version | Tinstall | Tcheck | Ttotal | Status | Flags |
---|---|---|---|---|---|---|
r-devel-linux-x86_64-debian-clang | 1.1.1 | 107.56 | 47.22 | 154.78 | OK | |
r-devel-linux-x86_64-debian-gcc | 1.1.1 | 76.02 | 35.81 | 111.83 | OK | |
r-devel-linux-x86_64-fedora-clang | 1.1.1 | 218.08 | OK | |||
r-devel-linux-x86_64-fedora-gcc | 1.1.1 | 204.86 | OK | |||
r-devel-windows-x86_64 | 1.1.1 | 93.00 | 107.00 | 200.00 | NOTE | |
r-patched-linux-x86_64 | 1.1.1 | 83.40 | 45.22 | 128.62 | OK | |
r-release-linux-x86_64 | 1.1.1 | 85.27 | 46.28 | 131.55 | OK | |
r-release-macos-arm64 | 1.1.1 | 51.00 | OK | |||
r-release-macos-x86_64 | 1.1.1 | 65.00 | OK | |||
r-release-windows-x86_64 | 1.1.1 | 90.00 | 104.00 | 194.00 | OK | |
r-oldrel-macos-arm64 | 1.1.1 | 47.00 | OK | |||
r-oldrel-macos-x86_64 | 1.1.1 | 68.00 | OK | |||
r-oldrel-windows-ix86+x86_64 | 1.1.1 | 246.00 | 103.00 | 349.00 | OK |
Version: 1.1.1
Check: C++ specification
Result: NOTE
Specified C++11: please update to current default of C++17
Flavor: r-devel-windows-x86_64